{"id":13807,"date":"2017-10-23T05:41:43","date_gmt":"2017-10-23T05:41:43","guid":{"rendered":"https:\/\/conferento.com\/listings\/basement-als-eventlocation-fuer-firmen-parties-in-mailand"},"modified":"2018-08-23T05:46:32","modified_gmt":"2018-08-23T05:46:32","slug":"basement-uno-spazio-unico-a-milano","status":"publish","type":"job_listing","link":"https:\/\/www.conferento.com\/it\/listings\/basement-uno-spazio-unico-a-milano\/","title":{"rendered":"Basement &#8211; Uno spazio unico a Milano"},"content":{"rendered":"<h1>Superstudio Pi\u00f9 &#8211; Location per eventi a Milano<\/h1>\n<h2>Basement<\/h2>\n<p>Uno spazio unico a Milano, all\u2019interno del perimetro di Superstudio Pi\u00f9, location top in citt\u00e0, pensato per ospitare parties privati, feste di laurea, 18esimi (e oltre) e, pi\u00f9 in generale, eventi che richiedono spazio allestito, musica, pista da ballo, bar. La struttura \u00e8 personalizzabile, completa di servizi, facile nella gestione: gli orari sono flessibili, e niente limiti alla musica.<\/p>\n<p><img loading=\"lazy\" decoding=\"async\" class=\"alignnone wp-image-13801 size-full\" src=\"https:\/\/conferento.com\/wp-content\/uploads\/2018\/08\/mailand-3.jpg\" alt=\"\" width=\"600\" height=\"375\" srcset=\"https:\/\/www.conferento.com\/wp-content\/uploads\/2018\/08\/mailand-3.jpg 600w, https:\/\/www.conferento.com\/wp-content\/uploads\/2018\/08\/mailand-3-300x188.jpg 300w, https:\/\/www.conferento.com\/wp-content\/uploads\/2018\/08\/mailand-3-24x15.jpg 24w, https:\/\/www.conferento.com\/wp-content\/uploads\/2018\/08\/mailand-3-36x23.jpg 36w, https:\/\/www.conferento.com\/wp-content\/uploads\/2018\/08\/mailand-3-48x30.jpg 48w\" sizes=\"auto, (max-width: 600px) 100vw, 600px\" \/><\/p>\n<p><span style=\"color: #6e98e3;\"><strong>Dettagli<\/strong><\/span><\/p>\n<p><strong>LO SPAZIO<\/strong><br \/>\n430mq, un grande seminterrato proprio sotto agli spazi di Superstudio Pi\u00f9, con cui condivide l\u2019ingresso da via Tortona. Altezza di circa 3 mt. areato e ampio, allestimento moderno, lineare, duttile: oltre agli arredi SLIDE componibili a piaceresono presenti un ampio bancone bar attrezzato, uno spazio guardaroba e un bagno U\/D con cinque diversi servizi igienici.<\/p>\n<hr \/>\n<p style=\"text-align: center;\"><a class=\"btn btn-theme btn-submit radius-3x\" href=\"https:\/\/www.superstudioevents.com\/\" target=\"_blank\" rel=\"noopener\">Ulteriori Informazioni<\/a><\/p>\n<hr \/>\n<h2>Superstudio pi\u00f9 Milano<\/h2>\n<p><strong>FUNZIONE<\/strong><\/p>\n<p>Superstudio Pi\u00f9 \u00e8 una location moderna, multifunzionale e flessibile, un grande contenitore nato per rispondere alla ricerca di spazi per comunicare di aziende e brands, di iniziative pubbliche e private pi\u00f9 vitali nel campo, del design, della comunicazione, della moda, dell\u2019arte, del business in generale.<\/p>\n<p><strong>STRUTTURA<\/strong><\/p>\n<p>10 spazi grandi, flessibili, oscurati o day-light, divisibili o abbinabili, climatizzati, con passo carraio e ingressi indipendenti, ideali per grandi eventi, convention, fiere, sfilate, mostre, entertainment: possono arrivare fino a 10.000 m\u00b2 totali. Spazi ideali anche come teatri di posa per foto\/video d\u2019arredamento, d\u2019auto, pubblicit\u00e0 e ogni tipo di esigenza che necessiti superfici ampie, comode, facili da allestire e da raggiungere. Passo carraio in ogni sala, possibilit\u00e0 di ingresso camion.<\/p>\n<p>In tutte le sale la nuova connessione wi-fi, fibra ottica dedicata 100Mbps di base espandibile fino a 1 Giga, con nuove funzionalit\u00e0. Chiedeteci informazioni.<\/p>\n<hr \/>\n<h2>Contatto<\/h2>\n<p><img loading=\"lazy\" decoding=\"async\" class=\"alignnone size-full wp-image-11496\" src=\"https:\/\/conferento.com\/wp-content\/uploads\/2018\/08\/milano-supers-logo.jpg\" alt=\"\" width=\"160\" height=\"27\" srcset=\"https:\/\/www.conferento.com\/wp-content\/uploads\/2018\/08\/milano-supers-logo.jpg 160w, https:\/\/www.conferento.com\/wp-content\/uploads\/2018\/08\/milano-supers-logo-24x4.jpg 24w, https:\/\/www.conferento.com\/wp-content\/uploads\/2018\/08\/milano-supers-logo-36x6.jpg 36w, https:\/\/www.conferento.com\/wp-content\/uploads\/2018\/08\/milano-supers-logo-48x8.jpg 48w\" sizes=\"auto, (max-width: 160px) 100vw, 160px\" \/><\/p>\n<p><span style=\"font-weight: bold;\">Superstudio Events S.r.l.<\/span><br \/>\nTelefono +39 02 42250154<br \/>\nVia Tortona, 27<br \/>\n20144 Milano<br \/>\ninfo@superstudioevents.com<br \/>\nwww.superstudioevents.com<\/p>\n<hr \/>\n<div style=\"font-size: 10px;\">\n<p>Tutte le foto \u00a9 Superstudio Events S.r.l.<\/p>\n<\/div>\n","protected":false},"featured_media":13804,"comment_status":"open","ping_status":"closed","template":"","meta":{"inline_featured_image":false,"_promoted":"","_job_location":"20144 Milano \u2022 Via Tortona, 27","_company_website":"http:\/\/www.superstudioevents.com","_company_twitter":"https:\/\/twitter.com\/superstudiog","_company_video":"","_filled":0,"_featured":1,"_remote_position":0,"_job_salary":"","_job_salary_currency":"","_job_salary_unit":""},"job-categories":[456],"job-types":[],"job_listing_amenity":[432,431,487,420,446,433,419,421,416],"job_listing_region":[411,412],"class_list":{"0":"post-13807","1":"job_listing","2":"type-job_listing","3":"status-publish","4":"has-post-thumbnail","5":"hentry","6":"job_listing_category-spazi-per-eventi","7":"job_listing_amenity-accesso-ai-disabili","8":"job_listing_amenity-aria-condizionata","9":"job_listing_amenity-bevande","10":"job_listing_amenity-connesione-wi-fi","11":"job_listing_amenity-garage-a-pagamento","12":"job_listing_amenity-guardaroba","13":"job_listing_amenity-per-giorni","14":"job_listing_amenity-posizione-centrale","15":"job_listing_amenity-trasporto-pubblico","16":"job_listing_region-italia","17":"job_listing_region-milano-italia","19":"job_position_featured"},"_links":{"self":[{"href":"https:\/\/www.conferento.com\/it\/wp-json\/wp\/v2\/job-listings\/13807","targetHints":{"allow":["GET"]}}],"collection":[{"href":"https:\/\/www.conferento.com\/it\/wp-json\/wp\/v2\/job-listings"}],"about":[{"href":"https:\/\/www.conferento.com\/it\/wp-json\/wp\/v2\/types\/job_listing"}],"replies":[{"embeddable":true,"href":"https:\/\/www.conferento.com\/it\/wp-json\/wp\/v2\/comments?post=13807"}],"wp:featuredmedia":[{"embeddable":true,"href":"https:\/\/www.conferento.com\/it\/wp-json\/wp\/v2\/media\/13804"}],"wp:attachment":[{"href":"https:\/\/www.conferento.com\/it\/wp-json\/wp\/v2\/media?parent=13807"}],"wp:term":[{"taxonomy":"job_listing_category","embeddable":true,"href":"https:\/\/www.conferento.com\/it\/wp-json\/wp\/v2\/job-categories?post=13807"},{"taxonomy":"job_listing_type","embeddable":true,"href":"https:\/\/www.conferento.com\/it\/wp-json\/wp\/v2\/job-types?post=13807"},{"taxonomy":"job_listing_amenity","embeddable":true,"href":"https:\/\/www.conferento.com\/it\/wp-json\/wp\/v2\/job_listing_amenity?post=13807"},{"taxonomy":"job_listing_region","embeddable":true,"href":"https:\/\/www.conferento.com\/it\/wp-json\/wp\/v2\/job_listing_region?post=13807"}],"curies":[{"name":"wp","href":"https:\/\/api.w.org\/{rel}","templated":true}]}}

<h1>Superstudio Più &#8211; Location per eventi a Milano</h1>
<h2>Basement</h2>
<p>Uno spazio unico a Milano, all’interno del perimetro di Superstudio Più, location top in città, pensato per ospitare parties privati, feste di laurea, 18esimi (e oltre) e, più in generale, eventi che richiedono spazio allestito, musica, pista da ballo, bar. La struttura è personalizzabile, completa di servizi, facile nella gestione: gli orari sono flessibili, e niente limiti alla musica.</p>
<p><img loading="lazy" decoding="async" class="alignnone wp-image-13801 size-full" src="https://conferento.com/wp-content/uploads/2018/08/mailand-3.jpg" alt="" width="600" height="375" srcset="https://www.conferento.com/wp-content/uploads/2018/08/mailand-3.jpg 600w, https://www.conferento.com/wp-content/uploads/2018/08/mailand-3-300x188.jpg 300w, https://www.conferento.com/wp-content/uploads/2018/08/mailand-3-24x15.jpg 24w, https://www.conferento.com/wp-content/uploads/2018/08/mailand-3-36x23.jpg 36w, https://www.conferento.com/wp-content/uploads/2018/08/mailand-3-48x30.jpg 48w" sizes="auto, (max-width: 600px) 100vw, 600px" /></p>
<p><span style="color: #6e98e3;"><strong>Dettagli</strong></span></p>
<p><strong>LO SPAZIO</strong><br />
430mq, un grande seminterrato proprio sotto agli spazi di Superstudio Più, con cui condivide l’ingresso da via Tortona. Altezza di circa 3 mt. areato e ampio, allestimento moderno, lineare, duttile: oltre agli arredi SLIDE componibili a piaceresono presenti un ampio bancone bar attrezzato, uno spazio guardaroba e un bagno U/D con cinque diversi servizi igienici.</p>
<hr />
<p style="text-align: center;"><a class="btn btn-theme btn-submit radius-3x" href="https://www.superstudioevents.com/" target="_blank" rel="noopener">Ulteriori Informazioni</a></p>
<hr />
<h2>Superstudio più Milano</h2>
<p><strong>FUNZIONE</strong></p>
<p>Superstudio Più è una location moderna, multifunzionale e flessibile, un grande contenitore nato per rispondere alla ricerca di spazi per comunicare di aziende e brands, di iniziative pubbliche e private più vitali nel campo, del design, della comunicazione, della moda, dell’arte, del business in generale.</p>
<p><strong>STRUTTURA</strong></p>
<p>10 spazi grandi, flessibili, oscurati o day-light, divisibili o abbinabili, climatizzati, con passo carraio e ingressi indipendenti, ideali per grandi eventi, convention, fiere, sfilate, mostre, entertainment: possono arrivare fino a 10.000 m² totali. Spazi ideali anche come teatri di posa per foto/video d’arredamento, d’auto, pubblicità e ogni tipo di esigenza che necessiti superfici ampie, comode, facili da allestire e da raggiungere. Passo carraio in ogni sala, possibilità di ingresso camion.</p>
<p>In tutte le sale la nuova connessione wi-fi, fibra ottica dedicata 100Mbps di base espandibile fino a 1 Giga, con nuove funzionalità. Chiedeteci informazioni.</p>
<hr />
<h2>Contatto</h2>
<p><img loading="lazy" decoding="async" class="alignnone size-full wp-image-11496" src="https://conferento.com/wp-content/uploads/2018/08/milano-supers-logo.jpg" alt="" width="160" height="27" srcset="https://www.conferento.com/wp-content/uploads/2018/08/milano-supers-logo.jpg 160w, https://www.conferento.com/wp-content/uploads/2018/08/milano-supers-logo-24x4.jpg 24w, https://www.conferento.com/wp-content/uploads/2018/08/milano-supers-logo-36x6.jpg 36w, https://www.conferento.com/wp-content/uploads/2018/08/milano-supers-logo-48x8.jpg 48w" sizes="auto, (max-width: 160px) 100vw, 160px" /></p>
<p><span style="font-weight: bold;">Superstudio Events S.r.l.</span><br />
Telefono +39 02 42250154<br />
Via Tortona, 27<br />
20144 Milano<br />
info@superstudioevents.com<br />
www.superstudioevents.com</p>
<hr />
<div style="font-size: 10px;">
<p>Tutte le foto © Superstudio Events S.r.l.</p>
</div>
