{"id":11893,"date":"2018-03-10T05:57:37","date_gmt":"2018-03-10T05:57:37","guid":{"rendered":"https:\/\/conferento.com\/listings\/viel-platz-fuer-ideen-coworking-space-im-zentrum-von-udine"},"modified":"2018-08-10T06:05:46","modified_gmt":"2018-08-10T06:05:46","slug":"il-tuo-spazio-condiviso-in-centro-a-udine","status":"publish","type":"job_listing","link":"https:\/\/www.conferento.com\/it\/listings\/il-tuo-spazio-condiviso-in-centro-a-udine\/","title":{"rendered":"Il tuo Spazio condiviso in Centro a Udine"},"content":{"rendered":"<h1>Il tuo Spazio condiviso in Centro a Udine<\/h1>\n<p><strong>Sei un freelance, stai per lanciare una start-up, sei un neo-imprenditore, manager nomade o un lavoratore autonomo? Stai cercando uno spazio condiviso in centro a Udine dove fare crescere la tua professione?<\/strong><\/p>\n<h3>IL COWORKING UDINE CENTRO &#8211; \u00c8 LA SOLUZIONE CHE STAI CERCANDO<\/h3>\n<p>Lo Spazio Coworking \u00e8 in pieno centro citt\u00e0, a due passi dal centro storico e dal Tribunale, dalla Camera di Commercio e dal Municipio, e a soli 10 minuti a piedi dalla Stazione Ferroviaria di Udine.<\/p>\n<p><strong>Facilmente raggiungibile<\/strong><br \/>\nLo spazio \u00e8 accessibile dalla galleria che d\u00e0 direttamente su via di Prampero e su piazza Venerio, dove si trova la Camera di Commercio e dove \u00e8 presente un parcheggio sotterraneo a pagamento. L\u2019ingresso allo spazio Coworking porta a un\u2019area di circa 110 metri quadrati.<\/p>\n<p><strong>Servizi accessori<\/strong><br \/>\nA disposizione degli ospiti dell\u2019ufficio condiviso \u00e8 presente anche una Sala Riunioni, in grado di accomodare fino a 8 persone, un servizio stampa digitale a pagamento, una segreteria per invio di fax e informazioni.<\/p>\n<p><img loading=\"lazy\" decoding=\"async\" class=\"alignnone wp-image-11856 size-full\" src=\"https:\/\/conferento.com\/wp-content\/uploads\/2018\/08\/udine1.jpg\" alt=\"\" width=\"560\" height=\"400\" srcset=\"https:\/\/www.conferento.com\/wp-content\/uploads\/2018\/08\/udine1.jpg 560w, https:\/\/www.conferento.com\/wp-content\/uploads\/2018\/08\/udine1-300x214.jpg 300w, https:\/\/www.conferento.com\/wp-content\/uploads\/2018\/08\/udine1-24x17.jpg 24w, https:\/\/www.conferento.com\/wp-content\/uploads\/2018\/08\/udine1-36x26.jpg 36w, https:\/\/www.conferento.com\/wp-content\/uploads\/2018\/08\/udine1-48x34.jpg 48w\" sizes=\"auto, (max-width: 560px) 100vw, 560px\" \/><\/p>\n<hr \/>\n<p style=\"text-align: center;\"><a class=\"btn btn-theme btn-submit radius-3x\" href=\"http:\/\/www.coworkingudine.it\" target=\"_blank\" rel=\"noopener\">Ulteriori informazioni<\/a><\/p>\n<hr \/>\n<h2>LA MISSION DI COWORKING UDINE CENTRO<\/h2>\n<p>In un momento di crisi e difficolt\u00e0 diffuse per molti giovani, liberi professionisti e\/o startup, applicare delle tariffe accessibili rispetto ai costi di un ufficio \u201ctradizionale\u201d, offrire la possibilit\u00e0 di poter lavorare in un ufficio attrezzato, in condizioni di tranquillit\u00e0 ed efficienza, e ricevere eventuali clienti in maniera professionale, oltre che condividere idee e progetti con altri \u201ccolleghi\u201d, riteniamo che sia il punto di partenza per la propria crescita professionale.<\/p>\n<hr \/>\n<h2>Contatto<\/h2>\n<p><span style=\"font-weight: bold;\">Coworking Udine Centro<\/span><br \/>\nVia di Prampero 3\/7<br \/>\n33100 Udine<br \/>\nwww.coworkingudine.it<br \/>\ninfo@aldobulfone.it<\/p>\n<p><span style=\"font-weight: bold;\">Orario continuato:<\/span><br \/>\n9:00 &#8211; 18:00<br \/>\nda Luned\u00ec a Venerd\u00ec<\/p>\n<p><span style=\"font-weight: bold;\">Numero telefonico:<\/span><br \/>\n(+39) 349 23 87 301<\/p>\n<hr \/>\n<div style=\"font-size: 10px;\">\n<p>Tutte le foto\u00a0\u00a9 Coworking Udine Centro<\/p>\n<\/div>\n","protected":false},"featured_media":11871,"comment_status":"open","ping_status":"closed","template":"","meta":{"inline_featured_image":false,"_promoted":"","_job_location":"33100 Udine \u2022 Via di Prampero 3\/7","_company_website":"http:\/\/www.coworkingudine.it","_company_twitter":"","_company_video":"","_filled":0,"_featured":1,"_remote_position":0,"_job_salary":"","_job_salary_currency":"","_job_salary_unit":""},"job-categories":[430,413],"job-types":[],"job_listing_amenity":[432,431,420,418,449,433,419,453,421,416],"job_listing_region":[411,516],"class_list":{"0":"post-11893","1":"job_listing","2":"type-job_listing","3":"status-publish","4":"has-post-thumbnail","5":"hentry","6":"job_listing_category-spazio-co-working","7":"job_listing_category-uffici-temporanei","8":"job_listing_amenity-accesso-ai-disabili","9":"job_listing_amenity-aria-condizionata","10":"job_listing_amenity-connesione-wi-fi","11":"job_listing_amenity-immediatamente-disponibile","12":"job_listing_amenity-fotocopiatrice","13":"job_listing_amenity-guardaroba","14":"job_listing_amenity-per-giorni","15":"job_listing_amenity-per-ore","16":"job_listing_amenity-posizione-centrale","17":"job_listing_amenity-trasporto-pubblico","18":"job_listing_region-italia","19":"job_listing_region-udine-italia","21":"job_position_featured"},"_links":{"self":[{"href":"https:\/\/www.conferento.com\/it\/wp-json\/wp\/v2\/job-listings\/11893","targetHints":{"allow":["GET"]}}],"collection":[{"href":"https:\/\/www.conferento.com\/it\/wp-json\/wp\/v2\/job-listings"}],"about":[{"href":"https:\/\/www.conferento.com\/it\/wp-json\/wp\/v2\/types\/job_listing"}],"replies":[{"embeddable":true,"href":"https:\/\/www.conferento.com\/it\/wp-json\/wp\/v2\/comments?post=11893"}],"wp:featuredmedia":[{"embeddable":true,"href":"https:\/\/www.conferento.com\/it\/wp-json\/wp\/v2\/media\/11871"}],"wp:attachment":[{"href":"https:\/\/www.conferento.com\/it\/wp-json\/wp\/v2\/media?parent=11893"}],"wp:term":[{"taxonomy":"job_listing_category","embeddable":true,"href":"https:\/\/www.conferento.com\/it\/wp-json\/wp\/v2\/job-categories?post=11893"},{"taxonomy":"job_listing_type","embeddable":true,"href":"https:\/\/www.conferento.com\/it\/wp-json\/wp\/v2\/job-types?post=11893"},{"taxonomy":"job_listing_amenity","embeddable":true,"href":"https:\/\/www.conferento.com\/it\/wp-json\/wp\/v2\/job_listing_amenity?post=11893"},{"taxonomy":"job_listing_region","embeddable":true,"href":"https:\/\/www.conferento.com\/it\/wp-json\/wp\/v2\/job_listing_region?post=11893"}],"curies":[{"name":"wp","href":"https:\/\/api.w.org\/{rel}","templated":true}]}}

<h1>Il tuo Spazio condiviso in Centro a Udine</h1>
<p><strong>Sei un freelance, stai per lanciare una start-up, sei un neo-imprenditore, manager nomade o un lavoratore autonomo? Stai cercando uno spazio condiviso in centro a Udine dove fare crescere la tua professione?</strong></p>
<h3>IL COWORKING UDINE CENTRO &#8211; È LA SOLUZIONE CHE STAI CERCANDO</h3>
<p>Lo Spazio Coworking è in pieno centro città, a due passi dal centro storico e dal Tribunale, dalla Camera di Commercio e dal Municipio, e a soli 10 minuti a piedi dalla Stazione Ferroviaria di Udine.</p>
<p><strong>Facilmente raggiungibile</strong><br />
Lo spazio è accessibile dalla galleria che dà direttamente su via di Prampero e su piazza Venerio, dove si trova la Camera di Commercio e dove è presente un parcheggio sotterraneo a pagamento. L’ingresso allo spazio Coworking porta a un’area di circa 110 metri quadrati.</p>
<p><strong>Servizi accessori</strong><br />
A disposizione degli ospiti dell’ufficio condiviso è presente anche una Sala Riunioni, in grado di accomodare fino a 8 persone, un servizio stampa digitale a pagamento, una segreteria per invio di fax e informazioni.</p>
<p><img loading="lazy" decoding="async" class="alignnone wp-image-11856 size-full" src="https://conferento.com/wp-content/uploads/2018/08/udine1.jpg" alt="" width="560" height="400" srcset="https://www.conferento.com/wp-content/uploads/2018/08/udine1.jpg 560w, https://www.conferento.com/wp-content/uploads/2018/08/udine1-300x214.jpg 300w, https://www.conferento.com/wp-content/uploads/2018/08/udine1-24x17.jpg 24w, https://www.conferento.com/wp-content/uploads/2018/08/udine1-36x26.jpg 36w, https://www.conferento.com/wp-content/uploads/2018/08/udine1-48x34.jpg 48w" sizes="auto, (max-width: 560px) 100vw, 560px" /></p>
<hr />
<p style="text-align: center;"><a class="btn btn-theme btn-submit radius-3x" href="http://www.coworkingudine.it" target="_blank" rel="noopener">Ulteriori informazioni</a></p>
<hr />
<h2>LA MISSION DI COWORKING UDINE CENTRO</h2>
<p>In un momento di crisi e difficoltà diffuse per molti giovani, liberi professionisti e/o startup, applicare delle tariffe accessibili rispetto ai costi di un ufficio “tradizionale”, offrire la possibilità di poter lavorare in un ufficio attrezzato, in condizioni di tranquillità ed efficienza, e ricevere eventuali clienti in maniera professionale, oltre che condividere idee e progetti con altri “colleghi”, riteniamo che sia il punto di partenza per la propria crescita professionale.</p>
<hr />
<h2>Contatto</h2>
<p><span style="font-weight: bold;">Coworking Udine Centro</span><br />
Via di Prampero 3/7<br />
33100 Udine<br />
www.coworkingudine.it<br />
info@aldobulfone.it</p>
<p><span style="font-weight: bold;">Orario continuato:</span><br />
9:00 &#8211; 18:00<br />
da Lunedì a Venerdì</p>
<p><span style="font-weight: bold;">Numero telefonico:</span><br />
(+39) 349 23 87 301</p>
<hr />
<div style="font-size: 10px;">
<p>Tutte le foto © Coworking Udine Centro</p>
</div>
