{"id":8752,"date":"2018-03-27T08:13:54","date_gmt":"2018-03-27T08:13:54","guid":{"rendered":"https:\/\/conferento.com\/listings\/buero-auf-zeit-komplett-moebliert-stundenweise-in-sevilla-mieten"},"modified":"2018-08-18T08:40:32","modified_gmt":"2018-08-18T08:40:32","slug":"alquiler-de-oficina-temporal-totalmente-amueblada-por-hora-en-sevilla","status":"publish","type":"job_listing","link":"https:\/\/www.conferento.com\/es\/listings\/alquiler-de-oficina-temporal-totalmente-amueblada-por-hora-en-sevilla\/","title":{"rendered":"Alquiler de oficina temporal amueblada por hora en Sevilla"},"content":{"rendered":"<h1>INNoffices &#8211; Tu centro exclusivo en la cartuja<\/h1>\n<h3>\u00bfPORQU\u00c9 SER DE INN OFFICES?<\/h3>\n<p>Tenemos una soluci\u00f3n a cada una de las necesidades de su empresa, con el mejor ambiente de trabajo, la mayor profesionalidad y creando sinergias con el resto de profesionales. Dispondr\u00e1 de un espacio perfectamente amueblado, equipado y acondicionado, con total flexibilidad de contrataci\u00f3n. S\u00f3lo tiene que llegar y comenzar a trabajar, nosotros nos ocupamos del resto. Atenderemos sus llamadas y sus visitas seg\u00fan sus indicaciones, tenga la seguridad de que su negocio este operativo se encuentre f\u00edsicamente o no. Si sus necesidades cambian, no se preocupe, puede cambiar de servicio cuando lo precise.<\/p>\n<hr \/>\n<h2>Oficina temporal de alquiler flexible &#8211; despacho amueblado en Sevilla<\/h2>\n<p><img loading=\"lazy\" decoding=\"async\" class=\"alignnone wp-image-8740 size-full\" src=\"https:\/\/conferento.com\/wp-content\/uploads\/2018\/07\/innoffice-4.png\" alt=\"\" width=\"600\" height=\"399\" srcset=\"https:\/\/www.conferento.com\/wp-content\/uploads\/2018\/07\/innoffice-4.png 600w, https:\/\/www.conferento.com\/wp-content\/uploads\/2018\/07\/innoffice-4-300x200.png 300w, https:\/\/www.conferento.com\/wp-content\/uploads\/2018\/07\/innoffice-4-250x165.png 250w, https:\/\/www.conferento.com\/wp-content\/uploads\/2018\/07\/innoffice-4-24x16.png 24w, https:\/\/www.conferento.com\/wp-content\/uploads\/2018\/07\/innoffice-4-36x24.png 36w, https:\/\/www.conferento.com\/wp-content\/uploads\/2018\/07\/innoffice-4-48x32.png 48w\" sizes=\"auto, (max-width: 600px) 100vw, 600px\" \/><\/p>\n<p><span style=\"color: #6e98e3;\">SERVICIOS INCLUIDOS<\/span><\/p>\n<ul>\n<li>Uso de despacho totalmente amueblado.<\/li>\n<li>Climatizaci\u00f3n individual en cada despacho.<\/li>\n<li>Asignaci\u00f3n de un n\u00ba fijo propio con asistencia telef\u00f3nica personalizada seg\u00fan sus indicaciones y<\/li>\n<li>env\u00edo inmediato de la informaci\u00f3n por correo electr\u00f3nico*. (Tel\u00e9fonos 902, 901 o 900 con cargo adicional)<\/li>\n<li>Conservaci\u00f3n, mantenimiento y limpieza.<\/li>\n<li>Gastos de comunidad, agua, luz.<\/li>\n<li>Seguro e impuestos municipales.<\/li>\n<li>Conexi\u00f3n a Internet fibra \u00f3ptica y WiFi.<\/li>\n<li>Servicio de apoyo administrativo de 8:00 a 20:00 horas de lunes a viernes (laborables).<\/li>\n<li>Uso de nuestra direcci\u00f3n social, fiscal o comercial.<\/li>\n<li>Acceso 24h a trav\u00e9s de tarjetas inteligentes.<\/li>\n<li>Atenci\u00f3n personalizada de sus visitas.<\/li>\n<li>Recepci\u00f3n de correspondencia, mensajes y paqueter\u00eda, reparto a los despachos.<\/li>\n<li>Uso de nuestras salas de reuniones y aulas de formaci\u00f3n a precios reducidos.<\/li>\n<li>Uso de las zonas comunes con prensa diaria (recepci\u00f3n, office, zona de cafeter\u00eda, etc.)<\/li>\n<li>Publicidad gratuita para su empresa en las pantallas de recepci\u00f3n y directorio exterior.<\/li>\n<li>Acceso gratuito en la participaci\u00f3n de encuentros empresariales y seminarios.<\/li>\n<li>Acceso a ofertas y promociones especiales de colaboradores de Inn Offices.<\/li>\n<\/ul>\n<p>*Hasta 50 llamadas entrantes. Intervalos de 50 llamadas: 25\u20ac (IVA no incluido) o parte proporcional<\/p>\n<hr \/>\n<p style=\"text-align: center;\"><a class=\"btn btn-theme btn-submit radius-3x\" href=\"http:\/\/innoffices.es\/innoffices-estadio-olimpico\/\" target=\"_blank\" rel=\"noopener\">M\u00e1s informaci\u00f3n<\/a><\/p>\n<hr \/>\n<h2>\u00bfD\u00d3NDE NOS ENCONTRAMOS?<\/h2>\n<p>Nos situamos dentro del Estadio Ol\u00edmpico de la Cartuja, Sector Norte, Puerta A 1\u00aa planta. Ubicado en la Isla de la Cartuja, junto al recinto de la Exposici\u00f3n Universal de Sevilla 1992. Est\u00e1 situado frente a la Escuela T\u00e9cnica Superior de Ingenier\u00eda. Zona perfectamente comunicada, a 10 minutos del Aeropuerto Internacional San Pablo y de la Estaci\u00f3n de Santa Justa (AVE). Acceso directo desde Ronda Supernorte SE-020 y desde la ronda de circunvalaci\u00f3n SE-30. L\u00ednea de tren cercan\u00edas C2 y paradas de autob\u00fas C1 y C2.<\/p>\n<hr \/>\n<h2>Contacto<\/h2>\n<p><img loading=\"lazy\" decoding=\"async\" class=\"alignnone size-full wp-image-8716\" src=\"https:\/\/conferento.com\/wp-content\/uploads\/2018\/07\/innoffice-logo.png\" alt=\"\" width=\"148\" height=\"71\" srcset=\"https:\/\/www.conferento.com\/wp-content\/uploads\/2018\/07\/innoffice-logo.png 148w, https:\/\/www.conferento.com\/wp-content\/uploads\/2018\/07\/innoffice-logo-24x12.png 24w, https:\/\/www.conferento.com\/wp-content\/uploads\/2018\/07\/innoffice-logo-36x17.png 36w, https:\/\/www.conferento.com\/wp-content\/uploads\/2018\/07\/innoffice-logo-48x23.png 48w\" sizes=\"auto, (max-width: 148px) 100vw, 148px\" \/><\/p>\n<p><span style=\"font-weight: bold;\">Inn Offices Estadio Ol\u00edmpico<\/span><br \/>\nEstadio Olimpico de la Cartuja<br \/>\nSector Norte Puerta A, 1 a Planta<br \/>\n41092 Sevilla<br \/>\nestadio@innoffices.es<br \/>\nwww.innoffices.es<br \/>\nTel\u00e9fono: 955 283 939<\/p>\n<hr \/>\n<div style=\"font-size: 10px;\">\n<p>Todas las im\u00e1genes \u00a9 Inn Offices Estadio Ol\u00edmpico<\/p>\n<\/div>\n","protected":false},"featured_media":8745,"comment_status":"open","ping_status":"closed","template":"","meta":{"inline_featured_image":false,"_promoted":"","_job_location":"41092 Sevilla \u2022 Sector Norte Puerta A, 1 a Planta","_company_website":"www.innoffices.es","_company_twitter":"https:\/\/twitter.com\/innoffices","_company_video":"","_filled":1,"_featured":1,"_remote_position":0,"_job_salary":"","_job_salary_currency":"","_job_salary_unit":""},"job-categories":[218,220,224],"job-types":[],"job_listing_amenity":[225,316,314,315,318,323,327,324,206,205,203,226],"job_listing_region":[200,340],"class_list":{"0":"post-8752","1":"job_listing","2":"type-job_listing","3":"status-publish","4":"has-post-thumbnail","5":"hentry","6":"job_listing_category-despachos-oficinas","7":"job_listing_category-domiciliacion-fiscal","8":"job_listing_category-oficinas-temporales","9":"job_listing_amenity-24-horas-de-acceso","10":"job_listing_amenity-aire-acondicionado","11":"job_listing_amenity-bebidas","12":"job_listing_amenity-cafe-y-te","13":"job_listing_amenity-cocina","14":"job_listing_amenity-limpieza","15":"job_listing_amenity-por-la-horas","16":"job_listing_amenity-recepcionistas","17":"job_listing_amenity-servicio-postal","18":"job_listing_amenity-transporte-publico","19":"job_listing_amenity-ubicacion-central","20":"job_listing_amenity-wi-fi-gratuito","21":"job_listing_region-espana","22":"job_listing_region-sevilla-espana","24":"job_position_filled","25":"job_position_featured"},"_links":{"self":[{"href":"https:\/\/www.conferento.com\/es\/wp-json\/wp\/v2\/job-listings\/8752","targetHints":{"allow":["GET"]}}],"collection":[{"href":"https:\/\/www.conferento.com\/es\/wp-json\/wp\/v2\/job-listings"}],"about":[{"href":"https:\/\/www.conferento.com\/es\/wp-json\/wp\/v2\/types\/job_listing"}],"replies":[{"embeddable":true,"href":"https:\/\/www.conferento.com\/es\/wp-json\/wp\/v2\/comments?post=8752"}],"wp:featuredmedia":[{"embeddable":true,"href":"https:\/\/www.conferento.com\/es\/wp-json\/wp\/v2\/media\/8745"}],"wp:attachment":[{"href":"https:\/\/www.conferento.com\/es\/wp-json\/wp\/v2\/media?parent=8752"}],"wp:term":[{"taxonomy":"job_listing_category","embeddable":true,"href":"https:\/\/www.conferento.com\/es\/wp-json\/wp\/v2\/job-categories?post=8752"},{"taxonomy":"job_listing_type","embeddable":true,"href":"https:\/\/www.conferento.com\/es\/wp-json\/wp\/v2\/job-types?post=8752"},{"taxonomy":"job_listing_amenity","embeddable":true,"href":"https:\/\/www.conferento.com\/es\/wp-json\/wp\/v2\/job_listing_amenity?post=8752"},{"taxonomy":"job_listing_region","embeddable":true,"href":"https:\/\/www.conferento.com\/es\/wp-json\/wp\/v2\/job_listing_region?post=8752"}],"curies":[{"name":"wp","href":"https:\/\/api.w.org\/{rel}","templated":true}]}}

<h1>INNoffices &#8211; Tu centro exclusivo en la cartuja</h1>
<h3>¿PORQUÉ SER DE INN OFFICES?</h3>
<p>Tenemos una solución a cada una de las necesidades de su empresa, con el mejor ambiente de trabajo, la mayor profesionalidad y creando sinergias con el resto de profesionales. Dispondrá de un espacio perfectamente amueblado, equipado y acondicionado, con total flexibilidad de contratación. Sólo tiene que llegar y comenzar a trabajar, nosotros nos ocupamos del resto. Atenderemos sus llamadas y sus visitas según sus indicaciones, tenga la seguridad de que su negocio este operativo se encuentre físicamente o no. Si sus necesidades cambian, no se preocupe, puede cambiar de servicio cuando lo precise.</p>
<hr />
<h2>Oficina temporal de alquiler flexible &#8211; despacho amueblado en Sevilla</h2>
<p><img loading="lazy" decoding="async" class="alignnone wp-image-8740 size-full" src="https://conferento.com/wp-content/uploads/2018/07/innoffice-4.png" alt="" width="600" height="399" srcset="https://www.conferento.com/wp-content/uploads/2018/07/innoffice-4.png 600w, https://www.conferento.com/wp-content/uploads/2018/07/innoffice-4-300x200.png 300w, https://www.conferento.com/wp-content/uploads/2018/07/innoffice-4-250x165.png 250w, https://www.conferento.com/wp-content/uploads/2018/07/innoffice-4-24x16.png 24w, https://www.conferento.com/wp-content/uploads/2018/07/innoffice-4-36x24.png 36w, https://www.conferento.com/wp-content/uploads/2018/07/innoffice-4-48x32.png 48w" sizes="auto, (max-width: 600px) 100vw, 600px" /></p>
<p><span style="color: #6e98e3;">SERVICIOS INCLUIDOS</span></p>
<ul>
<li>Uso de despacho totalmente amueblado.</li>
<li>Climatización individual en cada despacho.</li>
<li>Asignación de un nº fijo propio con asistencia telefónica personalizada según sus indicaciones y</li>
<li>envío inmediato de la información por correo electrónico*. (Teléfonos 902, 901 o 900 con cargo adicional)</li>
<li>Conservación, mantenimiento y limpieza.</li>
<li>Gastos de comunidad, agua, luz.</li>
<li>Seguro e impuestos municipales.</li>
<li>Conexión a Internet fibra óptica y WiFi.</li>
<li>Servicio de apoyo administrativo de 8:00 a 20:00 horas de lunes a viernes (laborables).</li>
<li>Uso de nuestra dirección social, fiscal o comercial.</li>
<li>Acceso 24h a través de tarjetas inteligentes.</li>
<li>Atención personalizada de sus visitas.</li>
<li>Recepción de correspondencia, mensajes y paquetería, reparto a los despachos.</li>
<li>Uso de nuestras salas de reuniones y aulas de formación a precios reducidos.</li>
<li>Uso de las zonas comunes con prensa diaria (recepción, office, zona de cafetería, etc.)</li>
<li>Publicidad gratuita para su empresa en las pantallas de recepción y directorio exterior.</li>
<li>Acceso gratuito en la participación de encuentros empresariales y seminarios.</li>
<li>Acceso a ofertas y promociones especiales de colaboradores de Inn Offices.</li>
</ul>
<p>*Hasta 50 llamadas entrantes. Intervalos de 50 llamadas: 25€ (IVA no incluido) o parte proporcional</p>
<hr />
<p style="text-align: center;"><a class="btn btn-theme btn-submit radius-3x" href="http://innoffices.es/innoffices-estadio-olimpico/" target="_blank" rel="noopener">Más información</a></p>
<hr />
<h2>¿DÓNDE NOS ENCONTRAMOS?</h2>
<p>Nos situamos dentro del Estadio Olímpico de la Cartuja, Sector Norte, Puerta A 1ª planta. Ubicado en la Isla de la Cartuja, junto al recinto de la Exposición Universal de Sevilla 1992. Está situado frente a la Escuela Técnica Superior de Ingeniería. Zona perfectamente comunicada, a 10 minutos del Aeropuerto Internacional San Pablo y de la Estación de Santa Justa (AVE). Acceso directo desde Ronda Supernorte SE-020 y desde la ronda de circunvalación SE-30. Línea de tren cercanías C2 y paradas de autobús C1 y C2.</p>
<hr />
<h2>Contacto</h2>
<p><img loading="lazy" decoding="async" class="alignnone size-full wp-image-8716" src="https://conferento.com/wp-content/uploads/2018/07/innoffice-logo.png" alt="" width="148" height="71" srcset="https://www.conferento.com/wp-content/uploads/2018/07/innoffice-logo.png 148w, https://www.conferento.com/wp-content/uploads/2018/07/innoffice-logo-24x12.png 24w, https://www.conferento.com/wp-content/uploads/2018/07/innoffice-logo-36x17.png 36w, https://www.conferento.com/wp-content/uploads/2018/07/innoffice-logo-48x23.png 48w" sizes="auto, (max-width: 148px) 100vw, 148px" /></p>
<p><span style="font-weight: bold;">Inn Offices Estadio Olímpico</span><br />
Estadio Olimpico de la Cartuja<br />
Sector Norte Puerta A, 1 a Planta<br />
41092 Sevilla<br />
estadio@innoffices.es<br />
www.innoffices.es<br />
Teléfono: 955 283 939</p>
<hr />
<div style="font-size: 10px;">
<p>Todas las imágenes © Inn Offices Estadio Olímpico</p>
</div>
