{"id":8697,"date":"2018-02-13T07:43:21","date_gmt":"2018-02-13T07:43:21","guid":{"rendered":"https:\/\/conferento.com\/listings\/konferenz-und-tagungsraum-in-madrid-fuer-30-personen"},"modified":"2018-07-27T06:45:31","modified_gmt":"2018-07-27T06:45:31","slug":"sala-de-formacion-para-unas-30-personas-en-madrid","status":"publish","type":"job_listing","link":"https:\/\/www.conferento.com\/es\/listings\/sala-de-formacion-para-unas-30-personas-en-madrid\/","title":{"rendered":"Sala de formaci\u00f3n para unas\u00a030 personas en Madrid"},"content":{"rendered":"<h1>Santo Domingo Centro de Negocios<\/h1>\n<h4>El lugar perfecto para realizar tu trabajo, organizar reuniones o impartir cursos mientras disfrutas de la compa\u00f1\u00eda de otros profesionales en pleno centro de Madrid<\/h4>\n<p>En el coraz\u00f3n de <strong>Madrid<\/strong>, muy cercano a la <strong>Gran V\u00eda<\/strong>, ofrecemos este excelente <strong>espacio<\/strong> de <strong>trabajo<\/strong> para <strong>reuniones<\/strong>,<strong> cursos de formaci\u00f3n<\/strong> y <strong>despacho de trabajo<\/strong>. Ofrecemos servicios de <strong>oficina virtual<\/strong>, <strong>domiciliaci\u00f3n<\/strong> de <strong>sociedades<\/strong> y <strong>contabilidad<\/strong>. Santo Domingo Centro de Negocios nace como un <strong>espacio de trabajo<\/strong> para que nuestros clientes consigan su mayor \u00e9xito profesional.<\/p>\n<p>Nos ubicamos en un lugar estrat\u00e9gico, en pleno centro, muy cercano a la Gran V\u00eda y la plaza del Callao. Un edificio moderno en el lugar m\u00e1s cosmopolita de la ciudad, ideal para profesionales, empresas de \u00e1mbito internacional, consultores, formadores, emprendedores y empresas TIC. El centro est\u00e1 ubicado en la calle Jacometrezo 15, 3\u00ba A de Madrid. El Edificio fue premio nacional de Arquitectura 1985.<\/p>\n<hr \/>\n<h2>Sala de formaci\u00f3n \u2013 Sala Verde<\/h2>\n<p><img loading=\"lazy\" decoding=\"async\" class=\"alignnone wp-image-7126 size-full\" src=\"https:\/\/conferento.com\/wp-content\/uploads\/2018\/07\/up-Sala-Verde-2.png\" alt=\"\" width=\"600\" height=\"337\" srcset=\"https:\/\/www.conferento.com\/wp-content\/uploads\/2018\/07\/up-Sala-Verde-2.png 600w, https:\/\/www.conferento.com\/wp-content\/uploads\/2018\/07\/up-Sala-Verde-2-300x169.png 300w, https:\/\/www.conferento.com\/wp-content\/uploads\/2018\/07\/up-Sala-Verde-2-24x13.png 24w, https:\/\/www.conferento.com\/wp-content\/uploads\/2018\/07\/up-Sala-Verde-2-36x20.png 36w, https:\/\/www.conferento.com\/wp-content\/uploads\/2018\/07\/up-Sala-Verde-2-48x27.png 48w\" sizes=\"auto, (max-width: 600px) 100vw, 600px\" \/><\/p>\n<p>Tiene un tama\u00f1o de 40 m\u00b2 y una capacidad para unas\u00a0 30 personas aproximadamente. Cuenta con\u00a0 luz natural, pizarra y flipchart.<\/p>\n<hr \/>\n<p style=\"text-align: center;\"><a class=\"btn btn-theme btn-submit radius-3x\" href=\"http:\/\/coworking.santodomingocn.com\/\" target=\"_blank\" rel=\"noopener\">M\u00e1s informaci\u00f3n<\/a><\/p>\n<hr \/>\n<h2>Contacto<\/h2>\n<p><img loading=\"lazy\" decoding=\"async\" class=\"alignnone size-full wp-image-7129\" src=\"https:\/\/conferento.com\/wp-content\/uploads\/2018\/07\/up-sdom-logo.png\" alt=\"\" width=\"116\" height=\"90\" srcset=\"https:\/\/www.conferento.com\/wp-content\/uploads\/2018\/07\/up-sdom-logo.png 116w, https:\/\/www.conferento.com\/wp-content\/uploads\/2018\/07\/up-sdom-logo-24x19.png 24w, https:\/\/www.conferento.com\/wp-content\/uploads\/2018\/07\/up-sdom-logo-36x28.png 36w, https:\/\/www.conferento.com\/wp-content\/uploads\/2018\/07\/up-sdom-logo-48x37.png 48w\" sizes=\"auto, (max-width: 116px) 100vw, 116px\" \/><\/p>\n<p><span style=\"font-weight: bold;\">Santo Domingo Centro de Negocios S.L.<\/span><br \/>\nCalle Jacometrezo 15, 3A<br \/>\n28013\u00a0Madrid<br \/>\nTel\u00e9fono: + 34 91 782 6781<br \/>\nM\u00f3vil: + 34 618 270 853<br \/>\nEmail: info@santodomingocn.com<br \/>\nwww.santodomingocn.com<\/p>\n<hr \/>\n<div style=\"font-size: 10px;\">\n<p>Derechos de Imagen\u00a0\u00a9 Santo Domingo Centro de Negocios S.L.<\/p>\n<\/div>\n","protected":false},"featured_media":8698,"comment_status":"open","ping_status":"closed","template":"","meta":{"inline_featured_image":false,"_promoted":"","_job_location":"28013 Madrid \u2022 Calle Jacometrezo 15, 3A","_company_website":"http:\/\/www.santodomingocn.com","_company_twitter":"","_company_video":"","_filled":0,"_featured":1,"_remote_position":0,"_job_salary":"","_job_salary_currency":"","_job_salary_unit":""},"job-categories":[282],"job-types":[],"job_listing_amenity":[208,239,227,238,207,205,203,226],"job_listing_region":[200,201],"class_list":{"0":"post-8697","1":"job_listing","2":"type-job_listing","3":"status-publish","4":"has-post-thumbnail","5":"hentry","6":"job_listing_category-sala-de-conferencias","7":"job_listing_amenity-disponible-de-inmediato","8":"job_listing_amenity-pizarra","9":"job_listing_amenity-por-dias","10":"job_listing_amenity-rotafolio","11":"job_listing_amenity-secretariado","12":"job_listing_amenity-transporte-publico","13":"job_listing_amenity-ubicacion-central","14":"job_listing_amenity-wi-fi-gratuito","15":"job_listing_region-espana","16":"job_listing_region-madrid-espana","18":"job_position_featured"},"_links":{"self":[{"href":"https:\/\/www.conferento.com\/es\/wp-json\/wp\/v2\/job-listings\/8697","targetHints":{"allow":["GET"]}}],"collection":[{"href":"https:\/\/www.conferento.com\/es\/wp-json\/wp\/v2\/job-listings"}],"about":[{"href":"https:\/\/www.conferento.com\/es\/wp-json\/wp\/v2\/types\/job_listing"}],"replies":[{"embeddable":true,"href":"https:\/\/www.conferento.com\/es\/wp-json\/wp\/v2\/comments?post=8697"}],"wp:featuredmedia":[{"embeddable":true,"href":"https:\/\/www.conferento.com\/es\/wp-json\/wp\/v2\/media\/8698"}],"wp:attachment":[{"href":"https:\/\/www.conferento.com\/es\/wp-json\/wp\/v2\/media?parent=8697"}],"wp:term":[{"taxonomy":"job_listing_category","embeddable":true,"href":"https:\/\/www.conferento.com\/es\/wp-json\/wp\/v2\/job-categories?post=8697"},{"taxonomy":"job_listing_type","embeddable":true,"href":"https:\/\/www.conferento.com\/es\/wp-json\/wp\/v2\/job-types?post=8697"},{"taxonomy":"job_listing_amenity","embeddable":true,"href":"https:\/\/www.conferento.com\/es\/wp-json\/wp\/v2\/job_listing_amenity?post=8697"},{"taxonomy":"job_listing_region","embeddable":true,"href":"https:\/\/www.conferento.com\/es\/wp-json\/wp\/v2\/job_listing_region?post=8697"}],"curies":[{"name":"wp","href":"https:\/\/api.w.org\/{rel}","templated":true}]}}

Sala de formación para unas 30 personas en Madrid

<h1>Santo Domingo Centro de Negocios</h1>
<h4>El lugar perfecto para realizar tu trabajo, organizar reuniones o impartir cursos mientras disfrutas de la compañía de otros profesionales en pleno centro de Madrid</h4>
<p>En el corazón de <strong>Madrid</strong>, muy cercano a la <strong>Gran Vía</strong>, ofrecemos este excelente <strong>espacio</strong> de <strong>trabajo</strong> para <strong>reuniones</strong>,<strong> cursos de formación</strong> y <strong>despacho de trabajo</strong>. Ofrecemos servicios de <strong>oficina virtual</strong>, <strong>domiciliación</strong> de <strong>sociedades</strong> y <strong>contabilidad</strong>. Santo Domingo Centro de Negocios nace como un <strong>espacio de trabajo</strong> para que nuestros clientes consigan su mayor éxito profesional.</p>
<p>Nos ubicamos en un lugar estratégico, en pleno centro, muy cercano a la Gran Vía y la plaza del Callao. Un edificio moderno en el lugar más cosmopolita de la ciudad, ideal para profesionales, empresas de ámbito internacional, consultores, formadores, emprendedores y empresas TIC. El centro está ubicado en la calle Jacometrezo 15, 3º A de Madrid. El Edificio fue premio nacional de Arquitectura 1985.</p>
<hr />
<h2>Sala de formación – Sala Verde</h2>
<p><img loading="lazy" decoding="async" class="alignnone wp-image-7126 size-full" src="https://conferento.com/wp-content/uploads/2018/07/up-Sala-Verde-2.png" alt="" width="600" height="337" srcset="https://www.conferento.com/wp-content/uploads/2018/07/up-Sala-Verde-2.png 600w, https://www.conferento.com/wp-content/uploads/2018/07/up-Sala-Verde-2-300x169.png 300w, https://www.conferento.com/wp-content/uploads/2018/07/up-Sala-Verde-2-24x13.png 24w, https://www.conferento.com/wp-content/uploads/2018/07/up-Sala-Verde-2-36x20.png 36w, https://www.conferento.com/wp-content/uploads/2018/07/up-Sala-Verde-2-48x27.png 48w" sizes="auto, (max-width: 600px) 100vw, 600px" /></p>
<p>Tiene un tamaño de 40 m² y una capacidad para unas  30 personas aproximadamente. Cuenta con  luz natural, pizarra y flipchart.</p>
<hr />
<p style="text-align: center;"><a class="btn btn-theme btn-submit radius-3x" href="http://coworking.santodomingocn.com/" target="_blank" rel="noopener">Más información</a></p>
<hr />
<h2>Contacto</h2>
<p><img loading="lazy" decoding="async" class="alignnone size-full wp-image-7129" src="https://conferento.com/wp-content/uploads/2018/07/up-sdom-logo.png" alt="" width="116" height="90" srcset="https://www.conferento.com/wp-content/uploads/2018/07/up-sdom-logo.png 116w, https://www.conferento.com/wp-content/uploads/2018/07/up-sdom-logo-24x19.png 24w, https://www.conferento.com/wp-content/uploads/2018/07/up-sdom-logo-36x28.png 36w, https://www.conferento.com/wp-content/uploads/2018/07/up-sdom-logo-48x37.png 48w" sizes="auto, (max-width: 116px) 100vw, 116px" /></p>
<p><span style="font-weight: bold;">Santo Domingo Centro de Negocios S.L.</span><br />
Calle Jacometrezo 15, 3A<br />
28013 Madrid<br />
Teléfono: + 34 91 782 6781<br />
Móvil: + 34 618 270 853<br />
Email: info@santodomingocn.com<br />
www.santodomingocn.com</p>
<hr />
<div style="font-size: 10px;">
<p>Derechos de Imagen © Santo Domingo Centro de Negocios S.L.</p>
</div>
