{"id":7468,"date":"2018-02-18T04:36:03","date_gmt":"2018-02-18T04:36:03","guid":{"rendered":"https:\/\/conferento.com\/listings\/buero-auf-zeit-flexibel-mieten-moeblierte-bueroraeume-in-barcelona"},"modified":"2018-07-23T05:13:49","modified_gmt":"2018-07-23T05:13:49","slug":"oficina-y-despacho-amueblados-en-alquiler-en-barcelona","status":"publish","type":"job_listing","link":"https:\/\/www.conferento.com\/es\/listings\/oficina-y-despacho-amueblados-en-alquiler-en-barcelona\/","title":{"rendered":"Oficina y despacho amueblados en alquiler en Barcelona"},"content":{"rendered":"<h1>BCNDOC Centro de negocios en Barcelona<\/h1>\n<p>Alquiler c\u00e9ntrico de oficinas, alquiler de despachos, salas de reuniones para formaciones, presentaciones o entrevistas por horas, d\u00edas o meses, oficina virtual, packs de horas, alquiler de despachos en Barcelona, etc. Adem\u00e1s ofrecemos servicios de asesor\u00eda fiscal , laboral y creaci\u00f3n de empresas y m\u00e1s.<\/p>\n<hr \/>\n<h2>Oficina y despacho amueblados<\/h2>\n<p><img loading=\"lazy\" decoding=\"async\" class=\"alignnone wp-image-7220 size-full\" src=\"https:\/\/conferento.com\/wp-content\/uploads\/2018\/07\/bcn-office2.png\" alt=\"\" width=\"640\" height=\"320\" srcset=\"https:\/\/www.conferento.com\/wp-content\/uploads\/2018\/07\/bcn-office2.png 640w, https:\/\/www.conferento.com\/wp-content\/uploads\/2018\/07\/bcn-office2-300x150.png 300w, https:\/\/www.conferento.com\/wp-content\/uploads\/2018\/07\/bcn-office2-24x12.png 24w, https:\/\/www.conferento.com\/wp-content\/uploads\/2018\/07\/bcn-office2-36x18.png 36w, https:\/\/www.conferento.com\/wp-content\/uploads\/2018\/07\/bcn-office2-48x24.png 48w, https:\/\/www.conferento.com\/wp-content\/uploads\/2018\/07\/bcn-office2-600x300.png 600w\" sizes=\"auto, (max-width: 640px) 100vw, 640px\" \/><\/p>\n<p>En BCNDOC Centro de Negocios Barcelona, adaptamos para usted su despacho y oficina, con capacidad de 1 a 5 personas, con mobiliario nuevo, moderno y confortable, con todos los servicios incluidos (agua, luz, internet, wifi por fibra \u00f3ptica, gastos de comunidad, mantenimiento, servicio de limpieza, etc). Todo lo que necesita en su alquiler de despacho en Barcelona al alcance de su mano con BCNDOC y en el centro de la ciudad condal.<\/p>\n<p>Disponga de su despacho amueblado y entre a trabajar en cualquier momento, por el tiempo que necesite, despachos por hora o de forma fija, sin necesidad de hacer grandes inversiones iniciales y ahorrando para invertirlo en hacer crecer su negocio.<\/p>\n<p><strong>Servicios con los que contar\u00e1 desde el primer d\u00eda por el alquiler de su despacho:<\/strong><\/p>\n<ul>\n<li>Domiciliaci\u00f3n fiscal y comercial, direcci\u00f3n de negocios o delegaci\u00f3n comercial.<\/li>\n<li>Acceso a todos los servicios del centro: coffee corner, zonas de espera, reprograf\u00eda y sala de reuniones seg\u00fan disponibilidad y previa reserva.<\/li>\n<li>L\u00ednea telef\u00f3nica con IP exclusivo y servicio de transferencia de llamadas.<\/li>\n<li>Gesti\u00f3n de fax, correspondencia y mensajer\u00eda.<\/li>\n<li>Conexi\u00f3n a internet por fibra \u00f3ptica.<\/li>\n<li>Atenci\u00f3n personalizada de visitas con sala de espera.<\/li>\n<li>Mantenimiento y limpieza diaria<\/li>\n<li>Ingreso a las instalaciones 24\/7.<\/li>\n<\/ul>\n<hr \/>\n<p style=\"text-align: center;\"><a class=\"btn btn-theme btn-submit radius-3x\" href=\"http:\/\/bcndoc.com\/despachos\/\" target=\"_blank\" rel=\"noopener\">M\u00e1s informaci\u00f3n<\/a><\/p>\n<hr \/>\n<h2>Contacto<\/h2>\n<p><img loading=\"lazy\" decoding=\"async\" class=\"alignnone size-full wp-image-7153\" src=\"https:\/\/conferento.com\/wp-content\/uploads\/2018\/07\/bcn-logo.png\" alt=\"\" width=\"66\" height=\"64\" srcset=\"https:\/\/www.conferento.com\/wp-content\/uploads\/2018\/07\/bcn-logo.png 66w, https:\/\/www.conferento.com\/wp-content\/uploads\/2018\/07\/bcn-logo-24x24.png 24w, https:\/\/www.conferento.com\/wp-content\/uploads\/2018\/07\/bcn-logo-36x36.png 36w, https:\/\/www.conferento.com\/wp-content\/uploads\/2018\/07\/bcn-logo-48x48.png 48w\" sizes=\"auto, (max-width: 66px) 100vw, 66px\" \/><\/p>\n<p><span style=\"font-weight: bold;\">BCNDOC Centro de Negocios<\/span><br \/>\nCarrer Pau Claris 186, 4 \u00aa planta<br \/>\n08037 Barcelona<br \/>\n+34 931710666<br \/>\ninfo@bcndoc.com<br \/>\nwww.bcndoc.com<\/p>\n<hr \/>\n<div style=\"font-size: 10px;\">\n<p>Todas las im\u00e1genes \u00a9 BCNDOC Centro de Negocios<\/p>\n<\/div>\n","protected":false},"featured_media":7469,"comment_status":"open","ping_status":"closed","template":"","meta":{"inline_featured_image":false,"_promoted":"","_job_location":"08037 Barcelona \u2022 Carrer Pau Claris 186","_company_website":"http:\/\/bcndoc.com","_company_twitter":"https:\/\/twitter.com\/BCNDOC_","_company_video":"","_filled":0,"_featured":1,"_remote_position":0,"_job_salary":"","_job_salary_currency":"","_job_salary_unit":""},"job-categories":[219,220,224],"job-types":[],"job_listing_amenity":[208,227,207,205,203,226],"job_listing_region":[202,200],"class_list":{"0":"post-7468","1":"job_listing","2":"type-job_listing","3":"status-publish","4":"has-post-thumbnail","5":"hentry","6":"job_listing_category-despachos-oficinas-amuebladas","7":"job_listing_category-domiciliacion-fiscal","8":"job_listing_category-oficinas-temporales","9":"job_listing_amenity-disponible-de-inmediato","10":"job_listing_amenity-por-dias","11":"job_listing_amenity-secretariado","12":"job_listing_amenity-transporte-publico","13":"job_listing_amenity-ubicacion-central","14":"job_listing_amenity-wi-fi-gratuito","15":"job_listing_region-barcelona-espana","16":"job_listing_region-espana","18":"job_position_featured"},"_links":{"self":[{"href":"https:\/\/www.conferento.com\/es\/wp-json\/wp\/v2\/job-listings\/7468","targetHints":{"allow":["GET"]}}],"collection":[{"href":"https:\/\/www.conferento.com\/es\/wp-json\/wp\/v2\/job-listings"}],"about":[{"href":"https:\/\/www.conferento.com\/es\/wp-json\/wp\/v2\/types\/job_listing"}],"replies":[{"embeddable":true,"href":"https:\/\/www.conferento.com\/es\/wp-json\/wp\/v2\/comments?post=7468"}],"wp:featuredmedia":[{"embeddable":true,"href":"https:\/\/www.conferento.com\/es\/wp-json\/wp\/v2\/media\/7469"}],"wp:attachment":[{"href":"https:\/\/www.conferento.com\/es\/wp-json\/wp\/v2\/media?parent=7468"}],"wp:term":[{"taxonomy":"job_listing_category","embeddable":true,"href":"https:\/\/www.conferento.com\/es\/wp-json\/wp\/v2\/job-categories?post=7468"},{"taxonomy":"job_listing_type","embeddable":true,"href":"https:\/\/www.conferento.com\/es\/wp-json\/wp\/v2\/job-types?post=7468"},{"taxonomy":"job_listing_amenity","embeddable":true,"href":"https:\/\/www.conferento.com\/es\/wp-json\/wp\/v2\/job_listing_amenity?post=7468"},{"taxonomy":"job_listing_region","embeddable":true,"href":"https:\/\/www.conferento.com\/es\/wp-json\/wp\/v2\/job_listing_region?post=7468"}],"curies":[{"name":"wp","href":"https:\/\/api.w.org\/{rel}","templated":true}]}}

<h1>BCNDOC Centro de negocios en Barcelona</h1>
<p>Alquiler céntrico de oficinas, alquiler de despachos, salas de reuniones para formaciones, presentaciones o entrevistas por horas, días o meses, oficina virtual, packs de horas, alquiler de despachos en Barcelona, etc. Además ofrecemos servicios de asesoría fiscal , laboral y creación de empresas y más.</p>
<hr />
<h2>Oficina y despacho amueblados</h2>
<p><img loading="lazy" decoding="async" class="alignnone wp-image-7220 size-full" src="https://conferento.com/wp-content/uploads/2018/07/bcn-office2.png" alt="" width="640" height="320" srcset="https://www.conferento.com/wp-content/uploads/2018/07/bcn-office2.png 640w, https://www.conferento.com/wp-content/uploads/2018/07/bcn-office2-300x150.png 300w, https://www.conferento.com/wp-content/uploads/2018/07/bcn-office2-24x12.png 24w, https://www.conferento.com/wp-content/uploads/2018/07/bcn-office2-36x18.png 36w, https://www.conferento.com/wp-content/uploads/2018/07/bcn-office2-48x24.png 48w, https://www.conferento.com/wp-content/uploads/2018/07/bcn-office2-600x300.png 600w" sizes="auto, (max-width: 640px) 100vw, 640px" /></p>
<p>En BCNDOC Centro de Negocios Barcelona, adaptamos para usted su despacho y oficina, con capacidad de 1 a 5 personas, con mobiliario nuevo, moderno y confortable, con todos los servicios incluidos (agua, luz, internet, wifi por fibra óptica, gastos de comunidad, mantenimiento, servicio de limpieza, etc). Todo lo que necesita en su alquiler de despacho en Barcelona al alcance de su mano con BCNDOC y en el centro de la ciudad condal.</p>
<p>Disponga de su despacho amueblado y entre a trabajar en cualquier momento, por el tiempo que necesite, despachos por hora o de forma fija, sin necesidad de hacer grandes inversiones iniciales y ahorrando para invertirlo en hacer crecer su negocio.</p>
<p><strong>Servicios con los que contará desde el primer día por el alquiler de su despacho:</strong></p>
<ul>
<li>Domiciliación fiscal y comercial, dirección de negocios o delegación comercial.</li>
<li>Acceso a todos los servicios del centro: coffee corner, zonas de espera, reprografía y sala de reuniones según disponibilidad y previa reserva.</li>
<li>Línea telefónica con IP exclusivo y servicio de transferencia de llamadas.</li>
<li>Gestión de fax, correspondencia y mensajería.</li>
<li>Conexión a internet por fibra óptica.</li>
<li>Atención personalizada de visitas con sala de espera.</li>
<li>Mantenimiento y limpieza diaria</li>
<li>Ingreso a las instalaciones 24/7.</li>
</ul>
<hr />
<p style="text-align: center;"><a class="btn btn-theme btn-submit radius-3x" href="http://bcndoc.com/despachos/" target="_blank" rel="noopener">Más información</a></p>
<hr />
<h2>Contacto</h2>
<p><img loading="lazy" decoding="async" class="alignnone size-full wp-image-7153" src="https://conferento.com/wp-content/uploads/2018/07/bcn-logo.png" alt="" width="66" height="64" srcset="https://www.conferento.com/wp-content/uploads/2018/07/bcn-logo.png 66w, https://www.conferento.com/wp-content/uploads/2018/07/bcn-logo-24x24.png 24w, https://www.conferento.com/wp-content/uploads/2018/07/bcn-logo-36x36.png 36w, https://www.conferento.com/wp-content/uploads/2018/07/bcn-logo-48x48.png 48w" sizes="auto, (max-width: 66px) 100vw, 66px" /></p>
<p><span style="font-weight: bold;">BCNDOC Centro de Negocios</span><br />
Carrer Pau Claris 186, 4 ª planta<br />
08037 Barcelona<br />
+34 931710666<br />
info@bcndoc.com<br />
www.bcndoc.com</p>
<hr />
<div style="font-size: 10px;">
<p>Todas las imágenes © BCNDOC Centro de Negocios</p>
</div>
