{"id":37155,"date":"2023-03-07T16:49:58","date_gmt":"2023-03-07T16:49:58","guid":{"rendered":"https:\/\/www.conferento.com\/listings\/calle-de-colon-valencia-espana-alquiler-de-oficina-en-calle-colon-42"},"modified":"2023-11-27T06:54:07","modified_gmt":"2023-11-27T06:54:07","slug":"calle-de-colon-valencia-espana-alquiler-de-oficina-en-calle-colon-42","status":"publish","type":"job_listing","link":"https:\/\/www.conferento.com\/es\/listings\/calle-de-colon-valencia-espana-alquiler-de-oficina-en-calle-colon-42\/","title":{"rendered":"Alquiler de Oficina en Calle Col\u00f3n, 42"},"content":{"rendered":"<p>Ofrecemos despachos privados para 4, 5 y 6 personas, as\u00ed como puestos de trabajo individuales en CoWorking con ubicaci\u00f3n inmejorable.<\/p>\n<p>&nbsp;<\/p>\n<p>Las instalaciones cuentan con 250 m2 completamente reformadas en Enero 2023 y divididas en 10 estancias: 7 oficinas privadas + 1 sala de reuniones para 7 personas + 1 espacio multiusos para 20 personas + 1 sala de espera para clientes.<\/p>\n<p>&nbsp;<\/p>\n<p>Servicios incluidos:<\/p>\n<p>-Agua Mineral<\/p>\n<p>-Caf\u00e9 Nespresso<\/p>\n<p>-Acceso sin llave por app al coworking<\/p>\n<p>-Disponibilidad 24\/7<\/p>\n<p>-Fibra \u00f3ptica sim\u00e9trica 800mb<\/p>\n<p>-Impresora<\/p>\n<p>-Sala de reuniones gratuita 1h \/ d\u00eda por coworker<\/p>\n<p>-Limpieza<\/p>\n<p>-Domicilio social para tu empresa<\/p>\n<p>-Recepci\u00f3n de correspondencia y paqueter\u00eda<\/p>\n<p>-Conserje L-V<\/p>\n<p>-Zonas comunes videovigiladas<\/p>\n<p>-Cocina office con electrodom\u00e9sticos<\/p>\n<p>-TV 75\u201d en zona com\u00fan<\/p>\n<p>-Mobiliario en todas las estancias<\/p>\n<p>-Mantenimiento, conservaci\u00f3n y reparaciones de las instalaciones<\/p>\n<p>-Entrada exclusiva de oficina y entrada desde dos direcciones (Col\u00f3n 42 y Hern\u00e1n Cort\u00e9s 1)<\/p>\n<p>-Gastos de comunidad<\/p>\n<p>-Gastos de IBI<\/p>\n<p>-Gastos de luz<\/p>\n<p>-Gastos de agua<\/p>\n<p>&nbsp;<\/p>\n<p>Caracter\u00edsticas de todas las estancias:<\/p>\n<p>-Luz natural<\/p>\n<p>-Conexiones el\u00e9ctricas en pared y mesas<\/p>\n<p>-Internet por cable y por wifi<\/p>\n<p>-Mesas de bamb\u00fa de \u00faltima generaci\u00f3n de 150cm de largo x 65cm ancho<\/p>\n<p>-Silla ergon\u00f3mica de 140cm de altura, es decir, hasta la cabeza para m\u00e1xima comodidad.<\/p>\n<p>-Estanter\u00edas<\/p>\n<p>-Percheros<\/p>\n<p>-Aire A\/C fr\u00edo y calor<\/p>\n<p>&nbsp;<\/p>\n<p>Y todo es nuevo a estrenar, ya que hemos inaugurado el 1 de Marzo de 2023.<\/p>\n<p>PRECIOS + IVA \/ mes por persona<\/p>\n<p>PUESTOS DE TRABAJO &#8211; 189\u20ac<\/p>\n<p>DESPACHOS PRIVADOS &#8211; desde 600\u20ac<\/p>\n<p>No dudes en contactar con nosotros para visitar las instalaciones.<\/p>\n","protected":false},"featured_media":37424,"comment_status":"closed","ping_status":"closed","template":"","meta":{"inline_featured_image":false,"_promoted":"","_job_location":"Calle de Col\u00f3n, Valencia, Espa\u00f1a","_company_website":"http:\/\/workinity.com","_company_twitter":"","_company_video":"","_filled":0,"_featured":0,"_remote_position":0,"_job_salary":"","_job_salary_currency":"","_job_salary_unit":""},"job-categories":[222],"job-types":[],"job_listing_amenity":[],"job_listing_region":[610],"class_list":["post-37155","job_listing","type-job_listing","status-publish","has-post-thumbnail","hentry","job_listing_category-espacios-de-coworking","job_listing_region-valencia-espana"],"_links":{"self":[{"href":"https:\/\/www.conferento.com\/es\/wp-json\/wp\/v2\/job-listings\/37155","targetHints":{"allow":["GET"]}}],"collection":[{"href":"https:\/\/www.conferento.com\/es\/wp-json\/wp\/v2\/job-listings"}],"about":[{"href":"https:\/\/www.conferento.com\/es\/wp-json\/wp\/v2\/types\/job_listing"}],"replies":[{"embeddable":true,"href":"https:\/\/www.conferento.com\/es\/wp-json\/wp\/v2\/comments?post=37155"}],"wp:featuredmedia":[{"embeddable":true,"href":"https:\/\/www.conferento.com\/es\/wp-json\/wp\/v2\/media\/37424"}],"wp:attachment":[{"href":"https:\/\/www.conferento.com\/es\/wp-json\/wp\/v2\/media?parent=37155"}],"wp:term":[{"taxonomy":"job_listing_category","embeddable":true,"href":"https:\/\/www.conferento.com\/es\/wp-json\/wp\/v2\/job-categories?post=37155"},{"taxonomy":"job_listing_type","embeddable":true,"href":"https:\/\/www.conferento.com\/es\/wp-json\/wp\/v2\/job-types?post=37155"},{"taxonomy":"job_listing_amenity","embeddable":true,"href":"https:\/\/www.conferento.com\/es\/wp-json\/wp\/v2\/job_listing_amenity?post=37155"},{"taxonomy":"job_listing_region","embeddable":true,"href":"https:\/\/www.conferento.com\/es\/wp-json\/wp\/v2\/job_listing_region?post=37155"}],"curies":[{"name":"wp","href":"https:\/\/api.w.org\/{rel}","templated":true}]}}

Alquiler de Oficina en Calle Colón, 42

<p>Ofrecemos despachos privados para 4, 5 y 6 personas, así como puestos de trabajo individuales en CoWorking con ubicación inmejorable.</p>
<p>&nbsp;</p>
<p>Las instalaciones cuentan con 250 m2 completamente reformadas en Enero 2023 y divididas en 10 estancias: 7 oficinas privadas + 1 sala de reuniones para 7 personas + 1 espacio multiusos para 20 personas + 1 sala de espera para clientes.</p>
<p>&nbsp;</p>
<p>Servicios incluidos:</p>
<p>-Agua Mineral</p>
<p>-Café Nespresso</p>
<p>-Acceso sin llave por app al coworking</p>
<p>-Disponibilidad 24/7</p>
<p>-Fibra óptica simétrica 800mb</p>
<p>-Impresora</p>
<p>-Sala de reuniones gratuita 1h / día por coworker</p>
<p>-Limpieza</p>
<p>-Domicilio social para tu empresa</p>
<p>-Recepción de correspondencia y paquetería</p>
<p>-Conserje L-V</p>
<p>-Zonas comunes videovigiladas</p>
<p>-Cocina office con electrodomésticos</p>
<p>-TV 75” en zona común</p>
<p>-Mobiliario en todas las estancias</p>
<p>-Mantenimiento, conservación y reparaciones de las instalaciones</p>
<p>-Entrada exclusiva de oficina y entrada desde dos direcciones (Colón 42 y Hernán Cortés 1)</p>
<p>-Gastos de comunidad</p>
<p>-Gastos de IBI</p>
<p>-Gastos de luz</p>
<p>-Gastos de agua</p>
<p>&nbsp;</p>
<p>Características de todas las estancias:</p>
<p>-Luz natural</p>
<p>-Conexiones eléctricas en pared y mesas</p>
<p>-Internet por cable y por wifi</p>
<p>-Mesas de bambú de última generación de 150cm de largo x 65cm ancho</p>
<p>-Silla ergonómica de 140cm de altura, es decir, hasta la cabeza para máxima comodidad.</p>
<p>-Estanterías</p>
<p>-Percheros</p>
<p>-Aire A/C frío y calor</p>
<p>&nbsp;</p>
<p>Y todo es nuevo a estrenar, ya que hemos inaugurado el 1 de Marzo de 2023.</p>
<p>PRECIOS + IVA / mes por persona</p>
<p>PUESTOS DE TRABAJO &#8211; 189€</p>
<p>DESPACHOS PRIVADOS &#8211; desde 600€</p>
<p>No dudes en contactar con nosotros para visitar las instalaciones.</p>

Calle de Colón, Valencia, España
