{"id":32276,"date":"2017-07-22T09:54:39","date_gmt":"2017-07-22T09:54:39","guid":{"rendered":"https:\/\/www.conferento.com\/listings\/carrer-poeta-verdaguer-1-castellon-de-la-plana-espana-domiciliacion-social-o-fiscal"},"modified":"2020-07-24T07:14:48","modified_gmt":"2020-07-24T07:14:48","slug":"carrer-poeta-verdaguer-1-castellon-de-la-plana-espana-domiciliacion-social-o-fiscal","status":"publish","type":"job_listing","link":"https:\/\/www.conferento.com\/es\/listings\/carrer-poeta-verdaguer-1-castellon-de-la-plana-espana-domiciliacion-social-o-fiscal\/","title":{"rendered":"Domiciliaci\u00f3n Social o Fiscal"},"content":{"rendered":"<p>Domiciliaci\u00f3n social 29,95\u20ac\/mes. Sus visitas, llamadas y correspondencia atendidas por nuestro personal de secretar\u00eda. El mejor servicio de Domicilio social, fiscal, comercial,y\/o sede para Aut\u00f3nomos, profesionales, pymes, negocios y empresas en Castell\u00f3n. Servicio personalizado, a medida y flexible. Contrataci\u00f3n inmediata. Un equipo de profesionales a su servicio al mejor precio. Acceso a despachos y salas en un ambiente profesional y acogedor. Oficina virtual a su medida.<\/p>\n","protected":false},"featured_media":32277,"comment_status":"closed","ping_status":"closed","template":"","meta":{"inline_featured_image":false,"_promoted":"","_job_location":"Carrer Poeta Verdaguer, 1, Castell\u00f3n de la Plana, Espa\u00f1a","_company_website":"http:\/\/www.ofiespai.es","_company_twitter":"","_company_video":"","_filled":0,"_featured":0,"_remote_position":0,"_job_salary":"","_job_salary_currency":"","_job_salary_unit":""},"job-categories":[204],"job-types":[],"job_listing_amenity":[316,321,314,315,291,323,239,227,327,324,207,206,209,292,286,203,226],"job_listing_region":[676],"class_list":["post-32276","job_listing","type-job_listing","status-publish","has-post-thumbnail","hentry","job_listing_category-oficina-virtual","job_listing_amenity-aire-acondicionado","job_listing_amenity-aparcamiento","job_listing_amenity-bebidas","job_listing_amenity-cafe-y-te","job_listing_amenity-impresora-y-escaner","job_listing_amenity-limpieza","job_listing_amenity-pizarra","job_listing_amenity-por-dias","job_listing_amenity-por-la-horas","job_listing_amenity-recepcionistas","job_listing_amenity-secretariado","job_listing_amenity-servicio-postal","job_listing_amenity-servicio-telefonico","job_listing_amenity-silla-ergonomica","job_listing_amenity-sistema-de-audio","job_listing_amenity-ubicacion-central","job_listing_amenity-wi-fi-gratuito","job_listing_region-castellon-de-la-plana-espana"],"_links":{"self":[{"href":"https:\/\/www.conferento.com\/es\/wp-json\/wp\/v2\/job-listings\/32276","targetHints":{"allow":["GET"]}}],"collection":[{"href":"https:\/\/www.conferento.com\/es\/wp-json\/wp\/v2\/job-listings"}],"about":[{"href":"https:\/\/www.conferento.com\/es\/wp-json\/wp\/v2\/types\/job_listing"}],"replies":[{"embeddable":true,"href":"https:\/\/www.conferento.com\/es\/wp-json\/wp\/v2\/comments?post=32276"}],"wp:featuredmedia":[{"embeddable":true,"href":"https:\/\/www.conferento.com\/es\/wp-json\/wp\/v2\/media\/32277"}],"wp:attachment":[{"href":"https:\/\/www.conferento.com\/es\/wp-json\/wp\/v2\/media?parent=32276"}],"wp:term":[{"taxonomy":"job_listing_category","embeddable":true,"href":"https:\/\/www.conferento.com\/es\/wp-json\/wp\/v2\/job-categories?post=32276"},{"taxonomy":"job_listing_type","embeddable":true,"href":"https:\/\/www.conferento.com\/es\/wp-json\/wp\/v2\/job-types?post=32276"},{"taxonomy":"job_listing_amenity","embeddable":true,"href":"https:\/\/www.conferento.com\/es\/wp-json\/wp\/v2\/job_listing_amenity?post=32276"},{"taxonomy":"job_listing_region","embeddable":true,"href":"https:\/\/www.conferento.com\/es\/wp-json\/wp\/v2\/job_listing_region?post=32276"}],"curies":[{"name":"wp","href":"https:\/\/api.w.org\/{rel}","templated":true}]}}

Domiciliación Social o Fiscal

<p>Domiciliación social 29,95€/mes. Sus visitas, llamadas y correspondencia atendidas por nuestro personal de secretaría. El mejor servicio de Domicilio social, fiscal, comercial,y/o sede para Autónomos, profesionales, pymes, negocios y empresas en Castellón. Servicio personalizado, a medida y flexible. Contratación inmediata. Un equipo de profesionales a su servicio al mejor precio. Acceso a despachos y salas en un ambiente profesional y acogedor. Oficina virtual a su medida.</p>

Carrer Poeta Verdaguer, 1, Castellón de la Plana, España
