{"id":16374,"date":"2018-02-03T08:37:39","date_gmt":"2018-02-03T08:37:39","guid":{"rendered":"https:\/\/conferento.com\/?post_type=job_listing&#038;p=16374"},"modified":"2018-09-04T08:03:00","modified_gmt":"2018-09-04T08:03:00","slug":"espacio-coworking-oficina-compartida-valencia-centro","status":"publish","type":"job_listing","link":"https:\/\/www.conferento.com\/es\/listings\/espacio-coworking-oficina-compartida-valencia-centro\/","title":{"rendered":"Tu Oficina compartida en el centro de Valencia"},"content":{"rendered":"<h1>Espacio Balkis \u2013 Coworking en Valencia<\/h1>\n<h3>Tu oficina en el centro de Valencia &#8211; Coworking Valencia centro<\/h3>\n<p>El Espacio Balkis no es solamente un puesto de trabajo. Se trata de encontrarse en un ambiente donde se fomente el esp\u00edritu empresarial, donde otras personas como t\u00fa se re\u00fanen para hacer algo real.<\/p>\n<p><img loading=\"lazy\" decoding=\"async\" class=\"alignnone wp-image-16355 size-full\" src=\"https:\/\/conferento.com\/wp-content\/uploads\/2018\/09\/va6.jpg\" alt=\"\" width=\"700\" height=\"393\" srcset=\"https:\/\/www.conferento.com\/wp-content\/uploads\/2018\/09\/va6.jpg 700w, https:\/\/www.conferento.com\/wp-content\/uploads\/2018\/09\/va6-300x168.jpg 300w, https:\/\/www.conferento.com\/wp-content\/uploads\/2018\/09\/va6-24x13.jpg 24w, https:\/\/www.conferento.com\/wp-content\/uploads\/2018\/09\/va6-36x20.jpg 36w, https:\/\/www.conferento.com\/wp-content\/uploads\/2018\/09\/va6-48x27.jpg 48w, https:\/\/www.conferento.com\/wp-content\/uploads\/2018\/09\/va6-600x337.jpg 600w\" sizes=\"auto, (max-width: 700px) 100vw, 700px\" \/><\/p>\n<h2><strong>Coworking Valencia<\/strong><\/h2>\n<h3>Media jornada &#8211; \u20ac 90 MES<br \/>\n8-14 o de 15-21<\/h3>\n<ul>\n<li>Conexi\u00f3n a internet de 300mb\/s<\/li>\n<li>Amplia zona para comer y descansar<\/li>\n<li>Acceso a las salas de reuniones<\/li>\n<li>Impresora multifunci\u00f3n laser<\/li>\n<li>Domiciliaci\u00f3n y recepci\u00f3n del correo<\/li>\n<\/ul>\n<h3>Jornada completa &#8211; \u20ac 150 MES<\/h3>\n<ul>\n<li>24 horas \/ 365 d\u00edas al a\u00f1o<\/li>\n<li>Puesto fijo<\/li>\n<li>Conexi\u00f3n a internet de 300mb\/s<\/li>\n<li>Amplia zona para comer y descansar<\/li>\n<li>Acceso a las salas de reuniones<\/li>\n<li>Impresora multifunci\u00f3n laser<\/li>\n<li>Domiciliaci\u00f3n y recepci\u00f3n del correo<\/li>\n<\/ul>\n<h3>Despacho &#8211; \u20ac 350 MES<\/h3>\n<ul>\n<li>24 horas \/ 365 d\u00edas al a\u00f1o<\/li>\n<li>Puesto fijo<\/li>\n<li>M\u00e1ximo 4 personas<\/li>\n<li>Conexi\u00f3n a internet de 300mb\/s<\/li>\n<li>Amplia zona para comer y descansar<\/li>\n<li>Acceso a las salas de reuniones<\/li>\n<li>Impresora multifunci\u00f3n laser<\/li>\n<li>Domiciliaci\u00f3n y recepci\u00f3n del correo<\/li>\n<\/ul>\n<hr \/>\n<p style=\"text-align: center;\"><a class=\"btn btn-theme btn-submit radius-3x\" href=\"https:\/\/espaciobalkis.com\/tarifas-coworking-valencia-centro\/\" target=\"_blank\" rel=\"noopener\">M\u00e1s informaci\u00f3n<\/a><\/p>\n<hr \/>\n<h2>Contacto<\/h2>\n<p><img loading=\"lazy\" decoding=\"async\" class=\"alignnone size-full wp-image-16367\" src=\"https:\/\/conferento.com\/wp-content\/uploads\/2018\/09\/va-logo.jpg\" alt=\"\" width=\"150\" height=\"40\" srcset=\"https:\/\/www.conferento.com\/wp-content\/uploads\/2018\/09\/va-logo.jpg 150w, https:\/\/www.conferento.com\/wp-content\/uploads\/2018\/09\/va-logo-24x6.jpg 24w, https:\/\/www.conferento.com\/wp-content\/uploads\/2018\/09\/va-logo-36x10.jpg 36w, https:\/\/www.conferento.com\/wp-content\/uploads\/2018\/09\/va-logo-48x13.jpg 48w\" sizes=\"auto, (max-width: 150px) 100vw, 150px\" \/><\/p>\n<p><span style=\"font-weight: bold;\">Espacio Balkis<\/span><br \/>\nAvda. del Oeste 26 &#8211; 3<br \/>\n46001 Val\u00e8ncia<br \/>\nTel\u00e9fono: +34 961 930 898<br \/>\ninfo@espaciobalkis.com<br \/>\nwww.espaciobalkis.com<\/p>\n<hr \/>\n<div style=\"font-size: 10px;\">\n<p>Todas las im\u00e1genes \u00a9 Espacio Balkis<\/p>\n<\/div>\n","protected":false},"featured_media":16355,"comment_status":"open","ping_status":"closed","template":"","meta":{"inline_featured_image":false,"_promoted":"","_job_location":"46001 Val\u00e8ncia \u2022 Avda. del Oeste 26 - 3","_company_website":"https:\/\/espaciobalkis.com\/","_company_twitter":"","_company_video":"","_filled":0,"_featured":1,"_remote_position":0,"_job_salary":"","_job_salary_currency":"","_job_salary_unit":""},"job-categories":[222,224],"job-types":[],"job_listing_amenity":[225,288,316,227,327,205,203,226],"job_listing_region":[200,610],"class_list":{"0":"post-16374","1":"job_listing","2":"type-job_listing","3":"status-publish","4":"has-post-thumbnail","5":"hentry","6":"job_listing_category-espacios-de-coworking","7":"job_listing_category-oficinas-temporales","8":"job_listing_amenity-24-horas-de-acceso","9":"job_listing_amenity-accesible","10":"job_listing_amenity-aire-acondicionado","11":"job_listing_amenity-por-dias","12":"job_listing_amenity-por-la-horas","13":"job_listing_amenity-transporte-publico","14":"job_listing_amenity-ubicacion-central","15":"job_listing_amenity-wi-fi-gratuito","16":"job_listing_region-espana","17":"job_listing_region-valencia-espana","19":"job_position_featured"},"_links":{"self":[{"href":"https:\/\/www.conferento.com\/es\/wp-json\/wp\/v2\/job-listings\/16374","targetHints":{"allow":["GET"]}}],"collection":[{"href":"https:\/\/www.conferento.com\/es\/wp-json\/wp\/v2\/job-listings"}],"about":[{"href":"https:\/\/www.conferento.com\/es\/wp-json\/wp\/v2\/types\/job_listing"}],"replies":[{"embeddable":true,"href":"https:\/\/www.conferento.com\/es\/wp-json\/wp\/v2\/comments?post=16374"}],"wp:featuredmedia":[{"embeddable":true,"href":"https:\/\/www.conferento.com\/es\/wp-json\/wp\/v2\/media\/16355"}],"wp:attachment":[{"href":"https:\/\/www.conferento.com\/es\/wp-json\/wp\/v2\/media?parent=16374"}],"wp:term":[{"taxonomy":"job_listing_category","embeddable":true,"href":"https:\/\/www.conferento.com\/es\/wp-json\/wp\/v2\/job-categories?post=16374"},{"taxonomy":"job_listing_type","embeddable":true,"href":"https:\/\/www.conferento.com\/es\/wp-json\/wp\/v2\/job-types?post=16374"},{"taxonomy":"job_listing_amenity","embeddable":true,"href":"https:\/\/www.conferento.com\/es\/wp-json\/wp\/v2\/job_listing_amenity?post=16374"},{"taxonomy":"job_listing_region","embeddable":true,"href":"https:\/\/www.conferento.com\/es\/wp-json\/wp\/v2\/job_listing_region?post=16374"}],"curies":[{"name":"wp","href":"https:\/\/api.w.org\/{rel}","templated":true}]}}

<h1>Espacio Balkis – Coworking en Valencia</h1>
<h3>Tu oficina en el centro de Valencia &#8211; Coworking Valencia centro</h3>
<p>El Espacio Balkis no es solamente un puesto de trabajo. Se trata de encontrarse en un ambiente donde se fomente el espíritu empresarial, donde otras personas como tú se reúnen para hacer algo real.</p>
<p><img loading="lazy" decoding="async" class="alignnone wp-image-16355 size-full" src="https://conferento.com/wp-content/uploads/2018/09/va6.jpg" alt="" width="700" height="393" srcset="https://www.conferento.com/wp-content/uploads/2018/09/va6.jpg 700w, https://www.conferento.com/wp-content/uploads/2018/09/va6-300x168.jpg 300w, https://www.conferento.com/wp-content/uploads/2018/09/va6-24x13.jpg 24w, https://www.conferento.com/wp-content/uploads/2018/09/va6-36x20.jpg 36w, https://www.conferento.com/wp-content/uploads/2018/09/va6-48x27.jpg 48w, https://www.conferento.com/wp-content/uploads/2018/09/va6-600x337.jpg 600w" sizes="auto, (max-width: 700px) 100vw, 700px" /></p>
<h2><strong>Coworking Valencia</strong></h2>
<h3>Media jornada &#8211; € 90 MES<br />
8-14 o de 15-21</h3>
<ul>
<li>Conexión a internet de 300mb/s</li>
<li>Amplia zona para comer y descansar</li>
<li>Acceso a las salas de reuniones</li>
<li>Impresora multifunción laser</li>
<li>Domiciliación y recepción del correo</li>
</ul>
<h3>Jornada completa &#8211; € 150 MES</h3>
<ul>
<li>24 horas / 365 días al año</li>
<li>Puesto fijo</li>
<li>Conexión a internet de 300mb/s</li>
<li>Amplia zona para comer y descansar</li>
<li>Acceso a las salas de reuniones</li>
<li>Impresora multifunción laser</li>
<li>Domiciliación y recepción del correo</li>
</ul>
<h3>Despacho &#8211; € 350 MES</h3>
<ul>
<li>24 horas / 365 días al año</li>
<li>Puesto fijo</li>
<li>Máximo 4 personas</li>
<li>Conexión a internet de 300mb/s</li>
<li>Amplia zona para comer y descansar</li>
<li>Acceso a las salas de reuniones</li>
<li>Impresora multifunción laser</li>
<li>Domiciliación y recepción del correo</li>
</ul>
<hr />
<p style="text-align: center;"><a class="btn btn-theme btn-submit radius-3x" href="https://espaciobalkis.com/tarifas-coworking-valencia-centro/" target="_blank" rel="noopener">Más información</a></p>
<hr />
<h2>Contacto</h2>
<p><img loading="lazy" decoding="async" class="alignnone size-full wp-image-16367" src="https://conferento.com/wp-content/uploads/2018/09/va-logo.jpg" alt="" width="150" height="40" srcset="https://www.conferento.com/wp-content/uploads/2018/09/va-logo.jpg 150w, https://www.conferento.com/wp-content/uploads/2018/09/va-logo-24x6.jpg 24w, https://www.conferento.com/wp-content/uploads/2018/09/va-logo-36x10.jpg 36w, https://www.conferento.com/wp-content/uploads/2018/09/va-logo-48x13.jpg 48w" sizes="auto, (max-width: 150px) 100vw, 150px" /></p>
<p><span style="font-weight: bold;">Espacio Balkis</span><br />
Avda. del Oeste 26 &#8211; 3<br />
46001 València<br />
Teléfono: +34 961 930 898<br />
info@espaciobalkis.com<br />
www.espaciobalkis.com</p>
<hr />
<div style="font-size: 10px;">
<p>Todas las imágenes © Espacio Balkis</p>
</div>

46001 València • Avda. del Oeste 26 - 3
