{"id":16117,"date":"2018-04-02T07:56:40","date_gmt":"2018-04-02T07:56:40","guid":{"rendered":"https:\/\/conferento.com\/?post_type=job_listing&#038;p=16117"},"modified":"2018-09-02T08:00:26","modified_gmt":"2018-09-02T08:00:26","slug":"alquiler-de-despachos-exclusivos-en-el-centro-de-valencia","status":"publish","type":"job_listing","link":"https:\/\/www.conferento.com\/es\/listings\/alquiler-de-despachos-exclusivos-en-el-centro-de-valencia\/","title":{"rendered":"Alquiler de despachos exclusivos en el centro de Valencia"},"content":{"rendered":"<h1>Baum Centro de Negocios on Office en Val\u00e8ncia<\/h1>\n<p><strong>Aporte valor a su empresa alquilando su despacho u oficina virtual en la zona m\u00e1s representativa y exclusiva valenciana.<\/strong><\/p>\n<hr \/>\n<h2>Alquiler de Despachos en Val\u00e8ncia<\/h2>\n<div style=\"font-size: 10px;\"><img loading=\"lazy\" decoding=\"async\" class=\"alignnone size-medium wp-image-15790\" src=\"https:\/\/conferento.com\/wp-content\/uploads\/job-manager-uploads\/gallery_images\/2018\/08\/DSC09883-1-300x200.jpg\" alt=\"\" width=\"300\" height=\"200\" \/><img loading=\"lazy\" decoding=\"async\" class=\"alignnone size-medium wp-image-15770\" src=\"https:\/\/conferento.com\/wp-content\/uploads\/job-manager-uploads\/gallery_images\/2018\/08\/DSC09391-1-300x200.jpg\" alt=\"\" width=\"300\" height=\"200\" \/><\/div>\n<p><strong>Despachos en alquiler, a medida y equipados con lo \u00faltimo en tecnolog\u00eda y dotados de los servicios de calidad que su empresa necesita: comunicaciones, mobiliario, sistema inteligente de acceso programable \u2026<\/strong><\/p>\n<p>ALQUILER DE OFICINAS para 1,2,3,4 puestos de Trabajo.INCLUYE GASTOS DE COMUNIDAD, INTERNET , LUZ, AGUA Y SEGURO. Dispone de dos ba\u00f1os, Portero y Ascensor, Aire Acondicionado central, toda el \u00e1rea incluye \u00c1rea de Coffe, Sala de Espera, Salon de Formaci\u00f3n y Salon de Reuni\u00f3nes, a estrenar, muy cerca estaci\u00f3n de tren Renfe y Ave. En plena calle Col\u00f3n de Valencia &#8230; Ideal para Profesionales, Empresas y Emprendedores.<\/p>\n<hr \/>\n<p style=\"text-align: center;\"><a class=\"btn btn-theme btn-submit radius-3x\" href=\"https:\/\/baumnegocios.es\/alquiler-despachos\/\" target=\"_blank\" rel=\"nofollow noopener\">M\u00e1s informaci\u00f3n<\/a><\/p>\n<hr \/>\n<h2>Baum Centro de Negocios on Office<\/h2>\n<p>Despachos, oficinas y salas de reuniones, dotadas de todos los servicios, la mayor calidad al servicio de su empresa. De modo permanente, por meses, por semanas, por horas \u2026\u00a0Le ofrece los servicios complementarios que pueda necesitar su empresa, prestadas por profesionales de prestigio, con tarifas ajustadas a cada caso.<\/p>\n<hr \/>\n<h2>Contacto<\/h2>\n<p><img loading=\"lazy\" decoding=\"async\" class=\"alignnone size-full wp-image-16021\" src=\"https:\/\/conferento.com\/wp-content\/uploads\/2018\/09\/up-baumoffice-logo.jpg\" alt=\"\" width=\"170\" height=\"125\" srcset=\"https:\/\/www.conferento.com\/wp-content\/uploads\/2018\/09\/up-baumoffice-logo.jpg 170w, https:\/\/www.conferento.com\/wp-content\/uploads\/2018\/09\/up-baumoffice-logo-24x18.jpg 24w, https:\/\/www.conferento.com\/wp-content\/uploads\/2018\/09\/up-baumoffice-logo-36x26.jpg 36w, https:\/\/www.conferento.com\/wp-content\/uploads\/2018\/09\/up-baumoffice-logo-48x35.jpg 48w\" sizes=\"auto, (max-width: 170px) 100vw, 170px\" \/><\/p>\n<p><strong>BAUM CENTRO DE NEGOCIOS ON OFFICE<\/strong><br \/>\nCarrer de Col\u00f3n, 4<br \/>\n46004 Val\u00e8ncia<br \/>\n+34 963115903<br \/>\ninfo@baumnegocios.es<br \/>\nwww.baumnegocios.es<\/p>\n<hr \/>\n<div style=\"font-size: 10px;\">\n<p>Todas las im\u00e1genes \u00a9 BAUM CENTRO DE NEGOCIOS ON OFFICE<\/p>\n<\/div>\n","protected":false},"featured_media":16087,"comment_status":"closed","ping_status":"closed","template":"","meta":{"inline_featured_image":false,"_promoted":"","_job_location":"46004 Val\u00e8ncia \u2022 Calle Col\u00f3n, 4","_company_website":"https:\/\/baumnegocios.es\/","_company_twitter":"https:\/\/twitter.com\/baumnegocios?lang=es","_company_video":"https:\/\/www.youtube.com\/watch?v=3nb-JgCr6cc","_filled":0,"_featured":1,"_remote_position":0,"_job_salary":"","_job_salary_currency":"","_job_salary_unit":""},"job-categories":[218,219,220,221,204,224],"job-types":[],"job_listing_amenity":[225,288,316,321,315,329,208,291,323,227,327,207,206,328,330,226],"job_listing_region":[610],"class_list":{"0":"post-16117","1":"job_listing","2":"type-job_listing","3":"status-publish","4":"has-post-thumbnail","5":"hentry","6":"job_listing_category-despachos-oficinas","7":"job_listing_category-despachos-oficinas-amuebladas","8":"job_listing_category-domiciliacion-fiscal","9":"job_listing_category-espacio-de-trabajo","10":"job_listing_category-oficina-virtual","11":"job_listing_category-oficinas-temporales","12":"job_listing_amenity-24-horas-de-acceso","13":"job_listing_amenity-accesible","14":"job_listing_amenity-aire-acondicionado","15":"job_listing_amenity-aparcamiento","16":"job_listing_amenity-cafe-y-te","17":"job_listing_amenity-certificacion","18":"job_listing_amenity-disponible-de-inmediato","19":"job_listing_amenity-impresora-y-escaner","20":"job_listing_amenity-limpieza","21":"job_listing_amenity-por-dias","22":"job_listing_amenity-por-la-horas","23":"job_listing_amenity-secretariado","24":"job_listing_amenity-servicio-postal","25":"job_listing_amenity-television","26":"job_listing_amenity-videoconferencia","27":"job_listing_amenity-wi-fi-gratuito","28":"job_listing_region-valencia-espana","30":"job_position_featured"},"_links":{"self":[{"href":"https:\/\/www.conferento.com\/es\/wp-json\/wp\/v2\/job-listings\/16117","targetHints":{"allow":["GET"]}}],"collection":[{"href":"https:\/\/www.conferento.com\/es\/wp-json\/wp\/v2\/job-listings"}],"about":[{"href":"https:\/\/www.conferento.com\/es\/wp-json\/wp\/v2\/types\/job_listing"}],"replies":[{"embeddable":true,"href":"https:\/\/www.conferento.com\/es\/wp-json\/wp\/v2\/comments?post=16117"}],"wp:featuredmedia":[{"embeddable":true,"href":"https:\/\/www.conferento.com\/es\/wp-json\/wp\/v2\/media\/16087"}],"wp:attachment":[{"href":"https:\/\/www.conferento.com\/es\/wp-json\/wp\/v2\/media?parent=16117"}],"wp:term":[{"taxonomy":"job_listing_category","embeddable":true,"href":"https:\/\/www.conferento.com\/es\/wp-json\/wp\/v2\/job-categories?post=16117"},{"taxonomy":"job_listing_type","embeddable":true,"href":"https:\/\/www.conferento.com\/es\/wp-json\/wp\/v2\/job-types?post=16117"},{"taxonomy":"job_listing_amenity","embeddable":true,"href":"https:\/\/www.conferento.com\/es\/wp-json\/wp\/v2\/job_listing_amenity?post=16117"},{"taxonomy":"job_listing_region","embeddable":true,"href":"https:\/\/www.conferento.com\/es\/wp-json\/wp\/v2\/job_listing_region?post=16117"}],"curies":[{"name":"wp","href":"https:\/\/api.w.org\/{rel}","templated":true}]}}

<h1>Baum Centro de Negocios on Office en València</h1>
<p><strong>Aporte valor a su empresa alquilando su despacho u oficina virtual en la zona más representativa y exclusiva valenciana.</strong></p>
<hr />
<h2>Alquiler de Despachos en València</h2>
<div style="font-size: 10px;"><img loading="lazy" decoding="async" class="alignnone size-medium wp-image-15790" src="https://conferento.com/wp-content/uploads/job-manager-uploads/gallery_images/2018/08/DSC09883-1-300x200.jpg" alt="" width="300" height="200" /><img loading="lazy" decoding="async" class="alignnone size-medium wp-image-15770" src="https://conferento.com/wp-content/uploads/job-manager-uploads/gallery_images/2018/08/DSC09391-1-300x200.jpg" alt="" width="300" height="200" /></div>
<p><strong>Despachos en alquiler, a medida y equipados con lo último en tecnología y dotados de los servicios de calidad que su empresa necesita: comunicaciones, mobiliario, sistema inteligente de acceso programable …</strong></p>
<p>ALQUILER DE OFICINAS para 1,2,3,4 puestos de Trabajo.INCLUYE GASTOS DE COMUNIDAD, INTERNET , LUZ, AGUA Y SEGURO. Dispone de dos baños, Portero y Ascensor, Aire Acondicionado central, toda el área incluye Área de Coffe, Sala de Espera, Salon de Formación y Salon de Reuniónes, a estrenar, muy cerca estación de tren Renfe y Ave. En plena calle Colón de Valencia &#8230; Ideal para Profesionales, Empresas y Emprendedores.</p>
<hr />
<p style="text-align: center;"><a class="btn btn-theme btn-submit radius-3x" href="https://baumnegocios.es/alquiler-despachos/" target="_blank" rel="nofollow noopener">Más información</a></p>
<hr />
<h2>Baum Centro de Negocios on Office</h2>
<p>Despachos, oficinas y salas de reuniones, dotadas de todos los servicios, la mayor calidad al servicio de su empresa. De modo permanente, por meses, por semanas, por horas … Le ofrece los servicios complementarios que pueda necesitar su empresa, prestadas por profesionales de prestigio, con tarifas ajustadas a cada caso.</p>
<hr />
<h2>Contacto</h2>
<p><img loading="lazy" decoding="async" class="alignnone size-full wp-image-16021" src="https://conferento.com/wp-content/uploads/2018/09/up-baumoffice-logo.jpg" alt="" width="170" height="125" srcset="https://www.conferento.com/wp-content/uploads/2018/09/up-baumoffice-logo.jpg 170w, https://www.conferento.com/wp-content/uploads/2018/09/up-baumoffice-logo-24x18.jpg 24w, https://www.conferento.com/wp-content/uploads/2018/09/up-baumoffice-logo-36x26.jpg 36w, https://www.conferento.com/wp-content/uploads/2018/09/up-baumoffice-logo-48x35.jpg 48w" sizes="auto, (max-width: 170px) 100vw, 170px" /></p>
<p><strong>BAUM CENTRO DE NEGOCIOS ON OFFICE</strong><br />
Carrer de Colón, 4<br />
46004 València<br />
+34 963115903<br />
info@baumnegocios.es<br />
www.baumnegocios.es</p>
<hr />
<div style="font-size: 10px;">
<p>Todas las imágenes © BAUM CENTRO DE NEGOCIOS ON OFFICE</p>
</div>

46004 València • Calle Colón, 4
