{"id":15934,"date":"2018-05-02T08:04:08","date_gmt":"2018-05-02T08:04:08","guid":{"rendered":"https:\/\/conferento.com\/?post_type=job_listing&#038;p=15934"},"modified":"2018-09-01T08:22:43","modified_gmt":"2018-09-01T08:22:43","slug":"espacio-coworking-en-malaga-con-acceso-24-7","status":"publish","type":"job_listing","link":"https:\/\/www.conferento.com\/es\/listings\/espacio-coworking-en-malaga-con-acceso-24-7\/","title":{"rendered":"Espacio coworking en M\u00e1laga con acceso 24\/7"},"content":{"rendered":"<h1><strong>Grow Working &#8211;<\/strong>\u00a0Coworking en M\u00e1laga<\/h1>\n<p><strong>Espacio coworking en Sevilla y M\u00e1laga para aut\u00f3nomos, trabajo a distancia, emprendedor o empresas que buscan oficinas privadas o salas reuniones acceso 24\/7 ..<\/strong><\/p>\n<div style=\"font-size: 10px;\"><img loading=\"lazy\" decoding=\"async\" class=\"alignnone wp-image-15910 size-full\" src=\"https:\/\/conferento.com\/wp-content\/uploads\/2018\/09\/growworking2.jpg\" alt=\"\" width=\"700\" height=\"466\" srcset=\"https:\/\/www.conferento.com\/wp-content\/uploads\/2018\/09\/growworking2.jpg 700w, https:\/\/www.conferento.com\/wp-content\/uploads\/2018\/09\/growworking2-300x200.jpg 300w, https:\/\/www.conferento.com\/wp-content\/uploads\/2018\/09\/growworking2-250x165.jpg 250w, https:\/\/www.conferento.com\/wp-content\/uploads\/2018\/09\/growworking2-24x16.jpg 24w, https:\/\/www.conferento.com\/wp-content\/uploads\/2018\/09\/growworking2-36x24.jpg 36w, https:\/\/www.conferento.com\/wp-content\/uploads\/2018\/09\/growworking2-48x32.jpg 48w, https:\/\/www.conferento.com\/wp-content\/uploads\/2018\/09\/growworking2-600x399.jpg 600w\" sizes=\"auto, (max-width: 700px) 100vw, 700px\" \/><\/div>\n<h2>Coworking en M\u00e1laga<\/h2>\n<p>M\u00e1s de 600 metros de espacio coworking con acceso 24\/7, 8 oficinas privadas, sala para formaci\u00f3n, salas de reuniones y zonas de descanso.<\/p>\n<p><strong>ACCEDE AHORA MISMO. PAGA POR HORAS<\/strong><\/p>\n<p>Plan casual se basa en pagar \u00fanicamente por lo que consumas y necesites.<\/p>\n<p>Incluye. Acceso horarios de L-V de 9 AM-8 PM, uso de coworking de M\u00e1laga en zona de puesto no exclusivos (hot desk), adem\u00e1s permite uso de zonas comunes y conexi\u00f3n Wifi 5G.<\/p>\n<p>No incluye. Acceso 24\/7, horas de sala de reuniones ni tampoco almacenaje, mensajer\u00eda, impresora, domicilio comercial o domicilio fiscal. Tampoco incluye . Tampoco incluye tener dentro del coworking puestos exclusivo ni el uso de sala de formaci\u00f3n.<\/p>\n<p><strong>PLANES MENSUALES<\/strong><\/p>\n<p>Todos los planes no requieren fianza ni hay compromiso de permanencia. Todos los precios tienen 21% I.VA. incluido.<\/p>\n<p>Puedes registrarte en nuestra app para empezar con la tarifa o venir a probar primero una semana gratis antes de elegir las tarifas de planes mensuales.<\/p>\n<h3>QU\u00c9 OFRECEMOS<\/h3>\n<ul>\n<li>ACCESO 24\/7<\/li>\n<li>WIFI 5G Y FIBRA 1Gb<\/li>\n<li>ALMACENAJE<\/li>\n<li>CLIMATIZACI\u00d3N<\/li>\n<li>LIMPIEZA DIARIA<\/li>\n<li>RECEPCI\u00d3N<\/li>\n<li>ACCESO VIA APP<\/li>\n<li>VIDEOVIGILANCIA<\/li>\n<li>ALARMA<\/li>\n<li>SEGURO ANTIRROBO<\/li>\n<li>IMPRESORA<\/li>\n<li>MENSAJERIA<\/li>\n<li>SALA REUNIONES<\/li>\n<li>STAFF ROOM<\/li>\n<li>SALA FORMACION<\/li>\n<li>INSTALACIONES<\/li>\n<li>AGUA Y CAF\u00c9<\/li>\n<li>ABIERTO 11H L-V<\/li>\n<li>ZONA HOT DESK<\/li>\n<li>ZONA FIXED DESK<\/li>\n<li>OFICINAS PRIVADAS<\/li>\n<li>OFICINA VIRTUAL<\/li>\n<li>DOMICILIO FISCAL<\/li>\n<li>DOMICILIO COMERCIAL<\/li>\n<\/ul>\n<hr \/>\n<p style=\"text-align: center;\"><a class=\"btn btn-theme btn-submit radius-3x\" href=\"https:\/\/growworking.com\/coworking-malaga\/\" target=\"_blank\" rel=\"nofollow noopener\">Precios &amp; M\u00e1s informaci\u00f3n<\/a><\/p>\n<hr \/>\n<h2>Grow Working<\/h2>\n<p><strong>Espacios coworking en Malaga y centro de Sevilla con acceso 24\/7 y m\u00e1xima flexibilidad sin compromiso de permanencia ni fianza.<\/strong><\/p>\n<p>Puedes ser miembro pagando s\u00f3lo por las horas que est\u00e1s trabajando. Tenemos planes mensuales muy econ\u00f3micos seg\u00fan tus necesidades, oficinas privadas o servicios de salas de reuniones, formaci\u00f3n u oficina virtual (domicilio fiscal, comercial y mensajer\u00eda).<\/p>\n<p>Con recepci\u00f3n y atenci\u00f3n al cliente, nuestros espacios son un ecosistema para que el coworker centre sus esfuerzos \u00fanicamente en su proyecto.<\/p>\n<hr \/>\n<h2>Contacto<\/h2>\n<p><img loading=\"lazy\" decoding=\"async\" class=\"alignnone size-full wp-image-15904\" src=\"https:\/\/conferento.com\/wp-content\/uploads\/2018\/09\/growworking1.jpg\" alt=\"\" width=\"167\" height=\"29\" srcset=\"https:\/\/www.conferento.com\/wp-content\/uploads\/2018\/09\/growworking1.jpg 167w, https:\/\/www.conferento.com\/wp-content\/uploads\/2018\/09\/growworking1-24x4.jpg 24w, https:\/\/www.conferento.com\/wp-content\/uploads\/2018\/09\/growworking1-36x6.jpg 36w, https:\/\/www.conferento.com\/wp-content\/uploads\/2018\/09\/growworking1-48x8.jpg 48w\" sizes=\"auto, (max-width: 167px) 100vw, 167px\" \/><\/p>\n<p><strong>Grow Working M\u00e1laga<\/strong><br \/>\nCordobesa Lane, 29 Local<br \/>\n29003 Malaga<br \/>\n+34 951 493 671<br \/>\nmalaga@growworking.com<br \/>\nwww.growworking.com<\/p>\n<hr \/>\n<div style=\"font-size: 10px;\">\n<p>Todas las im\u00e1genes \u00a9 Grow Working<\/p>\n<\/div>\n","protected":false},"featured_media":15910,"comment_status":"open","ping_status":"closed","template":"","meta":{"inline_featured_image":false,"_promoted":"","_job_location":"29003 M\u00e1laga \u2022 Cordobesa Lane, 29 Local","_company_website":"https:\/\/growworking.com","_company_twitter":"https:\/\/twitter.com\/grow_working","_company_video":"","_filled":0,"_featured":1,"_remote_position":0,"_job_salary":"","_job_salary_currency":"","_job_salary_unit":""},"job-categories":[222],"job-types":[],"job_listing_amenity":[225,316,315,327,228,203,226],"job_listing_region":[200,608],"class_list":{"0":"post-15934","1":"job_listing","2":"type-job_listing","3":"status-publish","4":"has-post-thumbnail","5":"hentry","6":"job_listing_category-espacios-de-coworking","7":"job_listing_amenity-24-horas-de-acceso","8":"job_listing_amenity-aire-acondicionado","9":"job_listing_amenity-cafe-y-te","10":"job_listing_amenity-por-la-horas","11":"job_listing_amenity-reserva-en-linea","12":"job_listing_amenity-ubicacion-central","13":"job_listing_amenity-wi-fi-gratuito","14":"job_listing_region-espana","15":"job_listing_region-malaga-espana","17":"job_position_featured"},"_links":{"self":[{"href":"https:\/\/www.conferento.com\/es\/wp-json\/wp\/v2\/job-listings\/15934","targetHints":{"allow":["GET"]}}],"collection":[{"href":"https:\/\/www.conferento.com\/es\/wp-json\/wp\/v2\/job-listings"}],"about":[{"href":"https:\/\/www.conferento.com\/es\/wp-json\/wp\/v2\/types\/job_listing"}],"replies":[{"embeddable":true,"href":"https:\/\/www.conferento.com\/es\/wp-json\/wp\/v2\/comments?post=15934"}],"wp:featuredmedia":[{"embeddable":true,"href":"https:\/\/www.conferento.com\/es\/wp-json\/wp\/v2\/media\/15910"}],"wp:attachment":[{"href":"https:\/\/www.conferento.com\/es\/wp-json\/wp\/v2\/media?parent=15934"}],"wp:term":[{"taxonomy":"job_listing_category","embeddable":true,"href":"https:\/\/www.conferento.com\/es\/wp-json\/wp\/v2\/job-categories?post=15934"},{"taxonomy":"job_listing_type","embeddable":true,"href":"https:\/\/www.conferento.com\/es\/wp-json\/wp\/v2\/job-types?post=15934"},{"taxonomy":"job_listing_amenity","embeddable":true,"href":"https:\/\/www.conferento.com\/es\/wp-json\/wp\/v2\/job_listing_amenity?post=15934"},{"taxonomy":"job_listing_region","embeddable":true,"href":"https:\/\/www.conferento.com\/es\/wp-json\/wp\/v2\/job_listing_region?post=15934"}],"curies":[{"name":"wp","href":"https:\/\/api.w.org\/{rel}","templated":true}]}}

Espacio coworking en Málaga con acceso 24/7

<h1><strong>Grow Working &#8211;</strong> Coworking en Málaga</h1>
<p><strong>Espacio coworking en Sevilla y Málaga para autónomos, trabajo a distancia, emprendedor o empresas que buscan oficinas privadas o salas reuniones acceso 24/7 ..</strong></p>
<div style="font-size: 10px;"><img loading="lazy" decoding="async" class="alignnone wp-image-15910 size-full" src="https://conferento.com/wp-content/uploads/2018/09/growworking2.jpg" alt="" width="700" height="466" srcset="https://www.conferento.com/wp-content/uploads/2018/09/growworking2.jpg 700w, https://www.conferento.com/wp-content/uploads/2018/09/growworking2-300x200.jpg 300w, https://www.conferento.com/wp-content/uploads/2018/09/growworking2-250x165.jpg 250w, https://www.conferento.com/wp-content/uploads/2018/09/growworking2-24x16.jpg 24w, https://www.conferento.com/wp-content/uploads/2018/09/growworking2-36x24.jpg 36w, https://www.conferento.com/wp-content/uploads/2018/09/growworking2-48x32.jpg 48w, https://www.conferento.com/wp-content/uploads/2018/09/growworking2-600x399.jpg 600w" sizes="auto, (max-width: 700px) 100vw, 700px" /></div>
<h2>Coworking en Málaga</h2>
<p>Más de 600 metros de espacio coworking con acceso 24/7, 8 oficinas privadas, sala para formación, salas de reuniones y zonas de descanso.</p>
<p><strong>ACCEDE AHORA MISMO. PAGA POR HORAS</strong></p>
<p>Plan casual se basa en pagar únicamente por lo que consumas y necesites.</p>
<p>Incluye. Acceso horarios de L-V de 9 AM-8 PM, uso de coworking de Málaga en zona de puesto no exclusivos (hot desk), además permite uso de zonas comunes y conexión Wifi 5G.</p>
<p>No incluye. Acceso 24/7, horas de sala de reuniones ni tampoco almacenaje, mensajería, impresora, domicilio comercial o domicilio fiscal. Tampoco incluye . Tampoco incluye tener dentro del coworking puestos exclusivo ni el uso de sala de formación.</p>
<p><strong>PLANES MENSUALES</strong></p>
<p>Todos los planes no requieren fianza ni hay compromiso de permanencia. Todos los precios tienen 21% I.VA. incluido.</p>
<p>Puedes registrarte en nuestra app para empezar con la tarifa o venir a probar primero una semana gratis antes de elegir las tarifas de planes mensuales.</p>
<h3>QUÉ OFRECEMOS</h3>
<ul>
<li>ACCESO 24/7</li>
<li>WIFI 5G Y FIBRA 1Gb</li>
<li>ALMACENAJE</li>
<li>CLIMATIZACIÓN</li>
<li>LIMPIEZA DIARIA</li>
<li>RECEPCIÓN</li>
<li>ACCESO VIA APP</li>
<li>VIDEOVIGILANCIA</li>
<li>ALARMA</li>
<li>SEGURO ANTIRROBO</li>
<li>IMPRESORA</li>
<li>MENSAJERIA</li>
<li>SALA REUNIONES</li>
<li>STAFF ROOM</li>
<li>SALA FORMACION</li>
<li>INSTALACIONES</li>
<li>AGUA Y CAFÉ</li>
<li>ABIERTO 11H L-V</li>
<li>ZONA HOT DESK</li>
<li>ZONA FIXED DESK</li>
<li>OFICINAS PRIVADAS</li>
<li>OFICINA VIRTUAL</li>
<li>DOMICILIO FISCAL</li>
<li>DOMICILIO COMERCIAL</li>
</ul>
<hr />
<p style="text-align: center;"><a class="btn btn-theme btn-submit radius-3x" href="https://growworking.com/coworking-malaga/" target="_blank" rel="nofollow noopener">Precios &amp; Más información</a></p>
<hr />
<h2>Grow Working</h2>
<p><strong>Espacios coworking en Malaga y centro de Sevilla con acceso 24/7 y máxima flexibilidad sin compromiso de permanencia ni fianza.</strong></p>
<p>Puedes ser miembro pagando sólo por las horas que estás trabajando. Tenemos planes mensuales muy económicos según tus necesidades, oficinas privadas o servicios de salas de reuniones, formación u oficina virtual (domicilio fiscal, comercial y mensajería).</p>
<p>Con recepción y atención al cliente, nuestros espacios son un ecosistema para que el coworker centre sus esfuerzos únicamente en su proyecto.</p>
<hr />
<h2>Contacto</h2>
<p><img loading="lazy" decoding="async" class="alignnone size-full wp-image-15904" src="https://conferento.com/wp-content/uploads/2018/09/growworking1.jpg" alt="" width="167" height="29" srcset="https://www.conferento.com/wp-content/uploads/2018/09/growworking1.jpg 167w, https://www.conferento.com/wp-content/uploads/2018/09/growworking1-24x4.jpg 24w, https://www.conferento.com/wp-content/uploads/2018/09/growworking1-36x6.jpg 36w, https://www.conferento.com/wp-content/uploads/2018/09/growworking1-48x8.jpg 48w" sizes="auto, (max-width: 167px) 100vw, 167px" /></p>
<p><strong>Grow Working Málaga</strong><br />
Cordobesa Lane, 29 Local<br />
29003 Malaga<br />
+34 951 493 671<br />
malaga@growworking.com<br />
www.growworking.com</p>
<hr />
<div style="font-size: 10px;">
<p>Todas las imágenes © Grow Working</p>
</div>

29003 Málaga • Cordobesa Lane, 29 Local
