{"id":14833,"date":"2018-01-29T04:53:24","date_gmt":"2018-01-29T04:53:24","guid":{"rendered":"https:\/\/conferento.com\/listings\/coworking-space-flexibler-arbeitsplatz-in-tarragona"},"modified":"2018-08-29T05:02:23","modified_gmt":"2018-08-29T05:02:23","slug":"coworking-space-flexibler-arbeitsplatz-in-tarragona","status":"publish","type":"job_listing","link":"https:\/\/www.conferento.com\/es\/listings\/coworking-space-flexibler-arbeitsplatz-in-tarragona\/","title":{"rendered":"Coworking Space &#8211; Lugar de trabajo flexible en Tarragona"},"content":{"rendered":"<h1>Avant Coworking en Tarragona<\/h1>\n<p><strong>Oficina, coworking, despachos y centro de negocios en Tarragona. Ofrecemos la mayor flexibilidad posible en oficinas y despachos, de forma que todo el mundo encuentre su espacio de trabajo colaborativo.<\/strong><\/p>\n<p>Avant Coworking Tgn le ofrece los mejores servicios profesionales de la ciudad, con la mayor flexibilidad posible en oficinas y despachos, de forma que todo el mundo encuentre su espacio de trabajo colaborativo.<\/p>\n<hr \/>\n<h2>Coworking Space &#8211; Lugar de trabajo flexible en Tarragona<\/h2>\n<p><img loading=\"lazy\" decoding=\"async\" class=\"alignnone wp-image-14825 size-full\" src=\"https:\/\/conferento.com\/wp-content\/uploads\/2018\/08\/tarragona-coworking.jpg\" alt=\"\" width=\"600\" height=\"335\" srcset=\"https:\/\/www.conferento.com\/wp-content\/uploads\/2018\/08\/tarragona-coworking.jpg 600w, https:\/\/www.conferento.com\/wp-content\/uploads\/2018\/08\/tarragona-coworking-300x168.jpg 300w, https:\/\/www.conferento.com\/wp-content\/uploads\/2018\/08\/tarragona-coworking-24x13.jpg 24w, https:\/\/www.conferento.com\/wp-content\/uploads\/2018\/08\/tarragona-coworking-36x20.jpg 36w, https:\/\/www.conferento.com\/wp-content\/uploads\/2018\/08\/tarragona-coworking-48x27.jpg 48w\" sizes=\"auto, (max-width: 600px) 100vw, 600px\" \/><\/p>\n<p><strong>OPEN SPACE<\/strong><br \/>\nAvant Coworking Tgn Open Space un espacio de trabajo compartido que permite alquilar mesas de trabajo en diferentes modalidades adaptadas a sus necesidades.<\/p>\n<hr \/>\n<h2>TU ESPACIO DE COWORKING EN TARRAGONA<\/h2>\n<h3>ESPACIOS<\/h3>\n<p>En Avant Coworking Tgn podr\u00e1 elegir entre varios tipos de puestos y tarifas, adapt\u00e1ndonos a sus necesidades: puestos fijos, puestos flexibles, despachos individuales, despachos para 2 o 3 personas, sala de reuniones.<\/p>\n<p>Avant Coworking Tgn le ofrece los mejores servicios profesionales de la ciudad, con la mayor flexibilidad posible en oficinas y despachos, de forma que todo el mundo encuentre su espacio de trabajo colaborativo.<\/p>\n<ul>\n<li>OPEN SPACE<\/li>\n<li>DESPACHO INDIVIDUAL<\/li>\n<li>DESPACHO HASTA 4 PERSONAS<\/li>\n<li>SALA DE REUNIONES<\/li>\n<li>COWORKING CON TERRAZA<\/li>\n<\/ul>\n<h3><span style=\"color: #6e98e3;\"><strong>Descripci\u00f3n general<\/strong><\/span><\/h3>\n<p><strong>Avant<\/strong><br \/>\nDisponemos de las tarifas m\u00e1s flexibles de coworking en Tarragona. Solicita ahora m\u00e1s informaci\u00f3n para disponer de tu espacio individual, compartido o en equipo de trabajo col\u00b7laborativo.<\/p>\n<p><strong>Coworking<\/strong><br \/>\nEn Avant Coworking Tgn podr\u00e1 elegir entre varios tipos de puestos y tarifas, adapt\u00e1ndonos a sus necesidades: puestos fijos, puestos flexibles, despachos individuales, despachos para 2 o 3 personas, sala de reuniones.<\/p>\n<p><strong>Tarragona<\/strong><br \/>\nUn buen lugar donde desarrollar tu trabajo como centro de negocios, un excelente ambiente y una administradora dispuesta siempre a ayudar.<\/p>\n<hr \/>\n<p style=\"text-align: center;\"><a class=\"btn btn-theme btn-submit radius-3x\" href=\"http:\/\/coworkingtarragona.com\/\" target=\"_blank\" rel=\"noopener\">M\u00e1s informaci\u00f3n<\/a><\/p>\n<hr \/>\n<h2>Contacto<\/h2>\n<p><img loading=\"lazy\" decoding=\"async\" class=\"alignnone size-full wp-image-9260\" src=\"https:\/\/conferento.com\/wp-content\/uploads\/2018\/07\/avant-logo.png\" alt=\"\" width=\"89\" height=\"89\" srcset=\"https:\/\/www.conferento.com\/wp-content\/uploads\/2018\/07\/avant-logo.png 89w, https:\/\/www.conferento.com\/wp-content\/uploads\/2018\/07\/avant-logo-24x24.png 24w, https:\/\/www.conferento.com\/wp-content\/uploads\/2018\/07\/avant-logo-36x36.png 36w, https:\/\/www.conferento.com\/wp-content\/uploads\/2018\/07\/avant-logo-48x48.png 48w\" sizes=\"auto, (max-width: 89px) 100vw, 89px\" \/><\/p>\n<p><span style=\"font-weight: bold;\">Avant Coworking Tgn<\/span><br \/>\nAvda. de Roma, 23<br \/>\n43005 Tarragona<br \/>\n635617969<br \/>\navant@coworkingtarragona.com<br \/>\nwww.coworkingtarragona.com<\/p>\n<hr \/>\n<div style=\"font-size: 10px;\">\n<p>Todas las im\u00e1genes \u00a9 Avant Coworking Tgn<\/p>\n<\/div>\n","protected":false},"featured_media":14830,"comment_status":"open","ping_status":"closed","template":"","meta":{"inline_featured_image":false,"_promoted":"","_job_location":"43005 Tarragona \u2022 Avda. de Roma, 23","_company_website":"www.coworkingtarragona.com","_company_twitter":"","_company_video":"","_filled":0,"_featured":1,"_remote_position":0,"_job_salary":"","_job_salary_currency":"","_job_salary_unit":""},"job-categories":[222],"job-types":[],"job_listing_amenity":[225,316,314,315,318,313,207,203,226],"job_listing_region":[200,351],"class_list":{"0":"post-14833","1":"job_listing","2":"type-job_listing","3":"status-publish","4":"has-post-thumbnail","5":"hentry","6":"job_listing_category-espacios-de-coworking","7":"job_listing_amenity-24-horas-de-acceso","8":"job_listing_amenity-aire-acondicionado","9":"job_listing_amenity-bebidas","10":"job_listing_amenity-cafe-y-te","11":"job_listing_amenity-cocina","12":"job_listing_amenity-guardarropa","13":"job_listing_amenity-secretariado","14":"job_listing_amenity-ubicacion-central","15":"job_listing_amenity-wi-fi-gratuito","16":"job_listing_region-espana","17":"job_listing_region-tarragona-espana","19":"job_position_featured"},"_links":{"self":[{"href":"https:\/\/www.conferento.com\/es\/wp-json\/wp\/v2\/job-listings\/14833","targetHints":{"allow":["GET"]}}],"collection":[{"href":"https:\/\/www.conferento.com\/es\/wp-json\/wp\/v2\/job-listings"}],"about":[{"href":"https:\/\/www.conferento.com\/es\/wp-json\/wp\/v2\/types\/job_listing"}],"replies":[{"embeddable":true,"href":"https:\/\/www.conferento.com\/es\/wp-json\/wp\/v2\/comments?post=14833"}],"wp:featuredmedia":[{"embeddable":true,"href":"https:\/\/www.conferento.com\/es\/wp-json\/wp\/v2\/media\/14830"}],"wp:attachment":[{"href":"https:\/\/www.conferento.com\/es\/wp-json\/wp\/v2\/media?parent=14833"}],"wp:term":[{"taxonomy":"job_listing_category","embeddable":true,"href":"https:\/\/www.conferento.com\/es\/wp-json\/wp\/v2\/job-categories?post=14833"},{"taxonomy":"job_listing_type","embeddable":true,"href":"https:\/\/www.conferento.com\/es\/wp-json\/wp\/v2\/job-types?post=14833"},{"taxonomy":"job_listing_amenity","embeddable":true,"href":"https:\/\/www.conferento.com\/es\/wp-json\/wp\/v2\/job_listing_amenity?post=14833"},{"taxonomy":"job_listing_region","embeddable":true,"href":"https:\/\/www.conferento.com\/es\/wp-json\/wp\/v2\/job_listing_region?post=14833"}],"curies":[{"name":"wp","href":"https:\/\/api.w.org\/{rel}","templated":true}]}}

<h1>Avant Coworking en Tarragona</h1>
<p><strong>Oficina, coworking, despachos y centro de negocios en Tarragona. Ofrecemos la mayor flexibilidad posible en oficinas y despachos, de forma que todo el mundo encuentre su espacio de trabajo colaborativo.</strong></p>
<p>Avant Coworking Tgn le ofrece los mejores servicios profesionales de la ciudad, con la mayor flexibilidad posible en oficinas y despachos, de forma que todo el mundo encuentre su espacio de trabajo colaborativo.</p>
<hr />
<h2>Coworking Space &#8211; Lugar de trabajo flexible en Tarragona</h2>
<p><img loading="lazy" decoding="async" class="alignnone wp-image-14825 size-full" src="https://conferento.com/wp-content/uploads/2018/08/tarragona-coworking.jpg" alt="" width="600" height="335" srcset="https://www.conferento.com/wp-content/uploads/2018/08/tarragona-coworking.jpg 600w, https://www.conferento.com/wp-content/uploads/2018/08/tarragona-coworking-300x168.jpg 300w, https://www.conferento.com/wp-content/uploads/2018/08/tarragona-coworking-24x13.jpg 24w, https://www.conferento.com/wp-content/uploads/2018/08/tarragona-coworking-36x20.jpg 36w, https://www.conferento.com/wp-content/uploads/2018/08/tarragona-coworking-48x27.jpg 48w" sizes="auto, (max-width: 600px) 100vw, 600px" /></p>
<p><strong>OPEN SPACE</strong><br />
Avant Coworking Tgn Open Space un espacio de trabajo compartido que permite alquilar mesas de trabajo en diferentes modalidades adaptadas a sus necesidades.</p>
<hr />
<h2>TU ESPACIO DE COWORKING EN TARRAGONA</h2>
<h3>ESPACIOS</h3>
<p>En Avant Coworking Tgn podrá elegir entre varios tipos de puestos y tarifas, adaptándonos a sus necesidades: puestos fijos, puestos flexibles, despachos individuales, despachos para 2 o 3 personas, sala de reuniones.</p>
<p>Avant Coworking Tgn le ofrece los mejores servicios profesionales de la ciudad, con la mayor flexibilidad posible en oficinas y despachos, de forma que todo el mundo encuentre su espacio de trabajo colaborativo.</p>
<ul>
<li>OPEN SPACE</li>
<li>DESPACHO INDIVIDUAL</li>
<li>DESPACHO HASTA 4 PERSONAS</li>
<li>SALA DE REUNIONES</li>
<li>COWORKING CON TERRAZA</li>
</ul>
<h3><span style="color: #6e98e3;"><strong>Descripción general</strong></span></h3>
<p><strong>Avant</strong><br />
Disponemos de las tarifas más flexibles de coworking en Tarragona. Solicita ahora más información para disponer de tu espacio individual, compartido o en equipo de trabajo col·laborativo.</p>
<p><strong>Coworking</strong><br />
En Avant Coworking Tgn podrá elegir entre varios tipos de puestos y tarifas, adaptándonos a sus necesidades: puestos fijos, puestos flexibles, despachos individuales, despachos para 2 o 3 personas, sala de reuniones.</p>
<p><strong>Tarragona</strong><br />
Un buen lugar donde desarrollar tu trabajo como centro de negocios, un excelente ambiente y una administradora dispuesta siempre a ayudar.</p>
<hr />
<p style="text-align: center;"><a class="btn btn-theme btn-submit radius-3x" href="http://coworkingtarragona.com/" target="_blank" rel="noopener">Más información</a></p>
<hr />
<h2>Contacto</h2>
<p><img loading="lazy" decoding="async" class="alignnone size-full wp-image-9260" src="https://conferento.com/wp-content/uploads/2018/07/avant-logo.png" alt="" width="89" height="89" srcset="https://www.conferento.com/wp-content/uploads/2018/07/avant-logo.png 89w, https://www.conferento.com/wp-content/uploads/2018/07/avant-logo-24x24.png 24w, https://www.conferento.com/wp-content/uploads/2018/07/avant-logo-36x36.png 36w, https://www.conferento.com/wp-content/uploads/2018/07/avant-logo-48x48.png 48w" sizes="auto, (max-width: 89px) 100vw, 89px" /></p>
<p><span style="font-weight: bold;">Avant Coworking Tgn</span><br />
Avda. de Roma, 23<br />
43005 Tarragona<br />
635617969<br />
avant@coworkingtarragona.com<br />
www.coworkingtarragona.com</p>
<hr />
<div style="font-size: 10px;">
<p>Todas las imágenes © Avant Coworking Tgn</p>
</div>
