{"id":14685,"date":"2018-02-28T08:32:18","date_gmt":"2018-02-28T08:32:18","guid":{"rendered":"https:\/\/conferento.com\/listings\/coworking-spaces-in-bilbao-fuer-kreative-freiberufler-startups"},"modified":"2018-08-28T08:37:21","modified_gmt":"2018-08-28T08:37:21","slug":"coworking-espacio-flexible-en-bilbao","status":"publish","type":"job_listing","link":"https:\/\/www.conferento.com\/es\/listings\/coworking-espacio-flexible-en-bilbao\/","title":{"rendered":"Coworking &#8211; Espacio flexible en Bilbao"},"content":{"rendered":"<h1>Alzola Coworking in Bilbao<\/h1>\n<p>Alzola Coworking ofrece espacios de trabajo en r\u00e9gimen de coworking y alquiler de oficinas privadas. Tambi\u00e9n salas de reuniones y amplios espacios multiusos para eventos, conferencias o formaci\u00f3n.<\/p>\n<hr \/>\n<h2>Coworking Space en Bilbao<\/h2>\n<p><img loading=\"lazy\" decoding=\"async\" class=\"alignnone wp-image-14679 size-full\" src=\"https:\/\/conferento.com\/wp-content\/uploads\/2018\/08\/coworking-bilbao.jpg\" alt=\"\" width=\"700\" height=\"400\" srcset=\"https:\/\/www.conferento.com\/wp-content\/uploads\/2018\/08\/coworking-bilbao.jpg 700w, https:\/\/www.conferento.com\/wp-content\/uploads\/2018\/08\/coworking-bilbao-300x171.jpg 300w, https:\/\/www.conferento.com\/wp-content\/uploads\/2018\/08\/coworking-bilbao-24x14.jpg 24w, https:\/\/www.conferento.com\/wp-content\/uploads\/2018\/08\/coworking-bilbao-36x21.jpg 36w, https:\/\/www.conferento.com\/wp-content\/uploads\/2018\/08\/coworking-bilbao-48x27.jpg 48w, https:\/\/www.conferento.com\/wp-content\/uploads\/2018\/08\/coworking-bilbao-600x343.jpg 600w\" sizes=\"auto, (max-width: 700px) 100vw, 700px\" \/><\/p>\n<h3>El espacio de coworking en Bilbao que estabas buscando<\/h3>\n<p>Porque no todos necesitamos lo mismo, te ofrecemos un espacio coworking en Bilbao, en varias modalidades de uso y con diversa prestaciones, para que puedas elegir el que mejor se adapte a tu forma de trabajar.<\/p>\n<p><strong>Te ofrecemos:<\/strong><\/p>\n<ul>\n<li>Puesto por orden de llegada<\/li>\n<li>Silla ergon\u00f3mica<\/li>\n<li>WiFi<\/li>\n<li>Impresora inhal\u00e1mbrica<\/li>\n<li>Recepci\u00f3n personalizada<\/li>\n<li>Amplio espacio de trabajo de 1,20 m.<\/li>\n<\/ul>\n<hr \/>\n<h3><span style=\"color: #6e98e3;\"><strong>Servicios Comunes &#8211; Todas las modalidades<\/strong><\/span><\/h3>\n<p><strong>PUESTOS ERGON\u00d3MICOS<\/strong><br \/>\nVarios espacios con mesas amplias, sillas ergon\u00f3micas de alta gama y sillas confidente.<\/p>\n<p><strong>ACCESIBILIDAD TOTAL<\/strong><br \/>\nPara todas las personas.<\/p>\n<p><strong>INTERNET 300 MB<\/strong><br \/>\nAcceso a Internet continuo en Wi-FI y cable Ethernet 300MB.<\/p>\n<p><strong>RECEPCI\u00d3N DE VISITAS<\/strong><br \/>\nUn trato personalizado para tus visitas.<\/p>\n<p><strong>SALAS REUNIONES<\/strong><br \/>\n2 horas de acceso semanal gratuito<\/p>\n<p><strong>ZONA RELAX<\/strong><br \/>\nZona de relax exclusiva, para tus pausas de trabajo.<\/p>\n<p><strong>ATENCI\u00d3N TELEF\u00d3NICA<\/strong><br \/>\nGesti\u00f3n de llamadas y avisos urgentes.<\/p>\n<p><strong>CORREO Y PAQUETES<\/strong><br \/>\nRecepci\u00f3n y entrega de correo y paqueter\u00eda concertada.<\/p>\n<p><strong>LUZ NATURAL<\/strong><br \/>\nPara que aproveches mejor tus energ\u00eda diarias.<\/p>\n<hr \/>\n<p style=\"text-align: center;\"><a class=\"btn btn-theme btn-submit radius-3x\" href=\"https:\/\/www.alzolacoworking.com\/servicios\/alquiler-de-oficinas-en-bilbao\/\" target=\"_blank\" rel=\"noopener\">M\u00e1s informaci\u00f3n<\/a><\/p>\n<hr \/>\n<h2>Contacto<\/h2>\n<p><img loading=\"lazy\" decoding=\"async\" class=\"alignnone size-full wp-image-8945\" src=\"https:\/\/conferento.com\/wp-content\/uploads\/2018\/07\/alzola-logo.png\" alt=\"\" width=\"202\" height=\"97\" srcset=\"https:\/\/www.conferento.com\/wp-content\/uploads\/2018\/07\/alzola-logo.png 202w, https:\/\/www.conferento.com\/wp-content\/uploads\/2018\/07\/alzola-logo-24x12.png 24w, https:\/\/www.conferento.com\/wp-content\/uploads\/2018\/07\/alzola-logo-36x17.png 36w, https:\/\/www.conferento.com\/wp-content\/uploads\/2018\/07\/alzola-logo-48x23.png 48w\" sizes=\"auto, (max-width: 202px) 100vw, 202px\" \/><\/p>\n<p><span style=\"font-weight: bold;\">Alzola Coworking<\/span><br \/>\nPablo Alzola, 2 \u00b7 3\u00ba Izda.<br \/>\n48012 BILBAO<br \/>\nTel\u00e9fono 946 854 652<br \/>\ninfo@alzolacoworking.com<br \/>\nwww.alzolacoworking.com<\/p>\n<hr \/>\n<div style=\"font-size: 10px;\">\n<p>Todas las im\u00e1genes \u00a9 Alzola Coworking<\/p>\n<\/div>\n","protected":false},"featured_media":14684,"comment_status":"open","ping_status":"closed","template":"","meta":{"inline_featured_image":false,"_promoted":"","_job_location":"48012 BILBAO \u2022 Pablo Alzola, 2 \u00b7 3\u00ba Izda.","_company_website":"https:\/\/www.alzolacoworking.com","_company_twitter":"https:\/\/twitter.com\/alzolacoworking","_company_video":"","_filled":0,"_featured":1,"_remote_position":0,"_job_salary":"","_job_salary_currency":"","_job_salary_unit":""},"job-categories":[222],"job-types":[],"job_listing_amenity":[288,316,287,313,238,203,330,226],"job_listing_region":[349,200],"class_list":{"0":"post-14685","1":"job_listing","2":"type-job_listing","3":"status-publish","4":"has-post-thumbnail","5":"hentry","6":"job_listing_category-espacios-de-coworking","7":"job_listing_amenity-accesible","8":"job_listing_amenity-aire-acondicionado","9":"job_listing_amenity-beamer-es","10":"job_listing_amenity-guardarropa","11":"job_listing_amenity-rotafolio","12":"job_listing_amenity-ubicacion-central","13":"job_listing_amenity-videoconferencia","14":"job_listing_amenity-wi-fi-gratuito","15":"job_listing_region-bilbao-espana","16":"job_listing_region-espana","18":"job_position_featured"},"_links":{"self":[{"href":"https:\/\/www.conferento.com\/es\/wp-json\/wp\/v2\/job-listings\/14685","targetHints":{"allow":["GET"]}}],"collection":[{"href":"https:\/\/www.conferento.com\/es\/wp-json\/wp\/v2\/job-listings"}],"about":[{"href":"https:\/\/www.conferento.com\/es\/wp-json\/wp\/v2\/types\/job_listing"}],"replies":[{"embeddable":true,"href":"https:\/\/www.conferento.com\/es\/wp-json\/wp\/v2\/comments?post=14685"}],"wp:featuredmedia":[{"embeddable":true,"href":"https:\/\/www.conferento.com\/es\/wp-json\/wp\/v2\/media\/14684"}],"wp:attachment":[{"href":"https:\/\/www.conferento.com\/es\/wp-json\/wp\/v2\/media?parent=14685"}],"wp:term":[{"taxonomy":"job_listing_category","embeddable":true,"href":"https:\/\/www.conferento.com\/es\/wp-json\/wp\/v2\/job-categories?post=14685"},{"taxonomy":"job_listing_type","embeddable":true,"href":"https:\/\/www.conferento.com\/es\/wp-json\/wp\/v2\/job-types?post=14685"},{"taxonomy":"job_listing_amenity","embeddable":true,"href":"https:\/\/www.conferento.com\/es\/wp-json\/wp\/v2\/job_listing_amenity?post=14685"},{"taxonomy":"job_listing_region","embeddable":true,"href":"https:\/\/www.conferento.com\/es\/wp-json\/wp\/v2\/job_listing_region?post=14685"}],"curies":[{"name":"wp","href":"https:\/\/api.w.org\/{rel}","templated":true}]}}

<h1>Alzola Coworking in Bilbao</h1>
<p>Alzola Coworking ofrece espacios de trabajo en régimen de coworking y alquiler de oficinas privadas. También salas de reuniones y amplios espacios multiusos para eventos, conferencias o formación.</p>
<hr />
<h2>Coworking Space en Bilbao</h2>
<p><img loading="lazy" decoding="async" class="alignnone wp-image-14679 size-full" src="https://conferento.com/wp-content/uploads/2018/08/coworking-bilbao.jpg" alt="" width="700" height="400" srcset="https://www.conferento.com/wp-content/uploads/2018/08/coworking-bilbao.jpg 700w, https://www.conferento.com/wp-content/uploads/2018/08/coworking-bilbao-300x171.jpg 300w, https://www.conferento.com/wp-content/uploads/2018/08/coworking-bilbao-24x14.jpg 24w, https://www.conferento.com/wp-content/uploads/2018/08/coworking-bilbao-36x21.jpg 36w, https://www.conferento.com/wp-content/uploads/2018/08/coworking-bilbao-48x27.jpg 48w, https://www.conferento.com/wp-content/uploads/2018/08/coworking-bilbao-600x343.jpg 600w" sizes="auto, (max-width: 700px) 100vw, 700px" /></p>
<h3>El espacio de coworking en Bilbao que estabas buscando</h3>
<p>Porque no todos necesitamos lo mismo, te ofrecemos un espacio coworking en Bilbao, en varias modalidades de uso y con diversa prestaciones, para que puedas elegir el que mejor se adapte a tu forma de trabajar.</p>
<p><strong>Te ofrecemos:</strong></p>
<ul>
<li>Puesto por orden de llegada</li>
<li>Silla ergonómica</li>
<li>WiFi</li>
<li>Impresora inhalámbrica</li>
<li>Recepción personalizada</li>
<li>Amplio espacio de trabajo de 1,20 m.</li>
</ul>
<hr />
<h3><span style="color: #6e98e3;"><strong>Servicios Comunes &#8211; Todas las modalidades</strong></span></h3>
<p><strong>PUESTOS ERGONÓMICOS</strong><br />
Varios espacios con mesas amplias, sillas ergonómicas de alta gama y sillas confidente.</p>
<p><strong>ACCESIBILIDAD TOTAL</strong><br />
Para todas las personas.</p>
<p><strong>INTERNET 300 MB</strong><br />
Acceso a Internet continuo en Wi-FI y cable Ethernet 300MB.</p>
<p><strong>RECEPCIÓN DE VISITAS</strong><br />
Un trato personalizado para tus visitas.</p>
<p><strong>SALAS REUNIONES</strong><br />
2 horas de acceso semanal gratuito</p>
<p><strong>ZONA RELAX</strong><br />
Zona de relax exclusiva, para tus pausas de trabajo.</p>
<p><strong>ATENCIÓN TELEFÓNICA</strong><br />
Gestión de llamadas y avisos urgentes.</p>
<p><strong>CORREO Y PAQUETES</strong><br />
Recepción y entrega de correo y paquetería concertada.</p>
<p><strong>LUZ NATURAL</strong><br />
Para que aproveches mejor tus energía diarias.</p>
<hr />
<p style="text-align: center;"><a class="btn btn-theme btn-submit radius-3x" href="https://www.alzolacoworking.com/servicios/alquiler-de-oficinas-en-bilbao/" target="_blank" rel="noopener">Más información</a></p>
<hr />
<h2>Contacto</h2>
<p><img loading="lazy" decoding="async" class="alignnone size-full wp-image-8945" src="https://conferento.com/wp-content/uploads/2018/07/alzola-logo.png" alt="" width="202" height="97" srcset="https://www.conferento.com/wp-content/uploads/2018/07/alzola-logo.png 202w, https://www.conferento.com/wp-content/uploads/2018/07/alzola-logo-24x12.png 24w, https://www.conferento.com/wp-content/uploads/2018/07/alzola-logo-36x17.png 36w, https://www.conferento.com/wp-content/uploads/2018/07/alzola-logo-48x23.png 48w" sizes="auto, (max-width: 202px) 100vw, 202px" /></p>
<p><span style="font-weight: bold;">Alzola Coworking</span><br />
Pablo Alzola, 2 · 3º Izda.<br />
48012 BILBAO<br />
Teléfono 946 854 652<br />
info@alzolacoworking.com<br />
www.alzolacoworking.com</p>
<hr />
<div style="font-size: 10px;">
<p>Todas las imágenes © Alzola Coworking</p>
</div>

48012 BILBAO • Pablo Alzola, 2 · 3º Izda.
