{"id":13710,"date":"2018-05-05T08:21:06","date_gmt":"2018-05-05T08:21:06","guid":{"rendered":"https:\/\/conferento.com\/listings\/besprechungsraum-fuer-bis-zu-12-personen-im-zentrum-von-bilbao-mieten"},"modified":"2018-09-01T10:21:22","modified_gmt":"2018-09-01T10:21:22","slug":"sala-de-reuniones-en-el-centro-de-bilbao","status":"publish","type":"job_listing","link":"https:\/\/www.conferento.com\/es\/listings\/sala-de-reuniones-en-el-centro-de-bilbao\/","title":{"rendered":"Sala de reuniones en el centro de Bilbao"},"content":{"rendered":"<h1>Alzola Coworking in Bilbao<\/h1>\n<h1>Alzola Coworking in Bilbao<\/h1>\n<p>Alzola Coworking ofrece espacios de trabajo en r\u00e9gimen de coworking y alquiler de oficinas privadas. Tambi\u00e9n salas de reuniones y amplios espacios multiusos para eventos, conferencias o formaci\u00f3n.<\/p>\n<hr \/>\n<h2>Sala de reuniones para 12 personas en el centro de Bilbao<\/h2>\n<p><img loading=\"lazy\" decoding=\"async\" class=\"alignnone wp-image-8915 size-medium\" src=\"https:\/\/conferento.com\/wp-content\/uploads\/2018\/07\/alzola2-300x171.png\" alt=\"\" width=\"300\" height=\"171\" srcset=\"https:\/\/www.conferento.com\/wp-content\/uploads\/2018\/07\/alzola2-300x171.png 300w, https:\/\/www.conferento.com\/wp-content\/uploads\/2018\/07\/alzola2-24x14.png 24w, https:\/\/www.conferento.com\/wp-content\/uploads\/2018\/07\/alzola2-36x21.png 36w, https:\/\/www.conferento.com\/wp-content\/uploads\/2018\/07\/alzola2-48x27.png 48w, https:\/\/www.conferento.com\/wp-content\/uploads\/2018\/07\/alzola2-600x343.png 600w, https:\/\/www.conferento.com\/wp-content\/uploads\/2018\/07\/alzola2.png 700w\" sizes=\"auto, (max-width: 300px) 100vw, 300px\" \/><img loading=\"lazy\" decoding=\"async\" class=\"alignnone size-medium wp-image-13717\" src=\"https:\/\/conferento.com\/wp-content\/uploads\/2018\/02\/bilbao-300x171.jpg\" alt=\"\" width=\"300\" height=\"171\" srcset=\"https:\/\/www.conferento.com\/wp-content\/uploads\/2018\/02\/bilbao-300x171.jpg 300w, https:\/\/www.conferento.com\/wp-content\/uploads\/2018\/02\/bilbao-24x14.jpg 24w, https:\/\/www.conferento.com\/wp-content\/uploads\/2018\/02\/bilbao-36x21.jpg 36w, https:\/\/www.conferento.com\/wp-content\/uploads\/2018\/02\/bilbao-48x27.jpg 48w, https:\/\/www.conferento.com\/wp-content\/uploads\/2018\/02\/bilbao-600x343.jpg 600w, https:\/\/www.conferento.com\/wp-content\/uploads\/2018\/02\/bilbao.jpg 700w\" sizes=\"auto, (max-width: 300px) 100vw, 300px\" \/><\/p>\n<p><strong>Su sala de reuniones en el centro de Bilbao<\/strong><\/p>\n<p>Sala de reuniones totalmente equipada, abierta a residentes de Alzola Coworking, empresas y profesionales. El mejor servicio de alquiler de salas de reuniones en Bilbao.<\/p>\n<h3><span style=\"color: #6e98e3;\"><strong>Equipamiento y confort<\/strong><\/span><\/h3>\n<p>Para equipos de trabajo, formaci\u00f3n en peque\u00f1o formato, juntas de socios o entrevistas con clientes y proveedores.<\/p>\n<p>Una sala de reuniones en el centro de Bilbao, con las mejores conexiones de transporte con el resto de la ciudad y el territorio.<\/p>\n<p><strong>Aforo 12 personas<\/strong><br \/>\nEspacios amplios con mesa 3,60\u00d71,20m. Mobiliario moderno, elegante y acogedor con sillas simil piel.<\/p>\n<p><strong>Equipamiento de proyecci\u00f3n<\/strong><br \/>\nPantalla incluida, proyector bajo demanda.<\/p>\n<p><strong>Videoconferencia<\/strong><br \/>\nLas conexiones a Internet con cable 300MB, permite su uso para sala de videoconferencias.<\/p>\n<hr \/>\n<p style=\"text-align: center;\"><a class=\"btn btn-theme btn-submit radius-3x\" href=\"https:\/\/www.alzolacoworking.com\/servicios\/alquiler-de-oficinas-en-bilbao\/\" target=\"_blank\" rel=\"noopener\">M\u00e1s informaci\u00f3n<\/a><\/p>\n<hr \/>\n<h2>Contacto<\/h2>\n<p><img loading=\"lazy\" decoding=\"async\" class=\"alignnone size-full wp-image-8945\" src=\"https:\/\/conferento.com\/wp-content\/uploads\/2018\/07\/alzola-logo.png\" alt=\"\" width=\"202\" height=\"97\" srcset=\"https:\/\/www.conferento.com\/wp-content\/uploads\/2018\/07\/alzola-logo.png 202w, https:\/\/www.conferento.com\/wp-content\/uploads\/2018\/07\/alzola-logo-24x12.png 24w, https:\/\/www.conferento.com\/wp-content\/uploads\/2018\/07\/alzola-logo-36x17.png 36w, https:\/\/www.conferento.com\/wp-content\/uploads\/2018\/07\/alzola-logo-48x23.png 48w\" sizes=\"auto, (max-width: 202px) 100vw, 202px\" \/><\/p>\n<p><span style=\"font-weight: bold;\">Alzola Coworking<\/span><br \/>\nPablo Alzola, 2 \u00b7 3\u00ba Izda.<br \/>\n48012 BILBAO<br \/>\nTel\u00e9fono 946 854 652<br \/>\ninfo@alzolacoworking.com<br \/>\nwww.alzolacoworking.com<\/p>\n<hr \/>\n<div style=\"font-size: 10px;\">\n<p>Todas las im\u00e1genes \u00a9 Alzola Coworking<\/p>\n<\/div>\n","protected":false},"featured_media":13717,"comment_status":"open","ping_status":"closed","template":"","meta":{"inline_featured_image":false,"_promoted":"","_job_location":"48012 BILBAO \u2022 Pablo Alzola, 2 \u00b7 3\u00ba Izda.","_company_website":"https:\/\/www.alzolacoworking.com","_company_twitter":"https:\/\/twitter.com\/alzolacoworking","_company_video":"","_filled":0,"_featured":1,"_remote_position":0,"_job_salary":"","_job_salary_currency":"","_job_salary_unit":""},"job-categories":[234],"job-types":[],"job_listing_amenity":[288,316,287,313,238,203,330,226],"job_listing_region":[349,200],"class_list":{"0":"post-13710","1":"job_listing","2":"type-job_listing","3":"status-publish","4":"has-post-thumbnail","5":"hentry","6":"job_listing_category-sala-de-reuniones","7":"job_listing_amenity-accesible","8":"job_listing_amenity-aire-acondicionado","9":"job_listing_amenity-beamer-es","10":"job_listing_amenity-guardarropa","11":"job_listing_amenity-rotafolio","12":"job_listing_amenity-ubicacion-central","13":"job_listing_amenity-videoconferencia","14":"job_listing_amenity-wi-fi-gratuito","15":"job_listing_region-bilbao-espana","16":"job_listing_region-espana","18":"job_position_featured"},"_links":{"self":[{"href":"https:\/\/www.conferento.com\/es\/wp-json\/wp\/v2\/job-listings\/13710","targetHints":{"allow":["GET"]}}],"collection":[{"href":"https:\/\/www.conferento.com\/es\/wp-json\/wp\/v2\/job-listings"}],"about":[{"href":"https:\/\/www.conferento.com\/es\/wp-json\/wp\/v2\/types\/job_listing"}],"replies":[{"embeddable":true,"href":"https:\/\/www.conferento.com\/es\/wp-json\/wp\/v2\/comments?post=13710"}],"wp:featuredmedia":[{"embeddable":true,"href":"https:\/\/www.conferento.com\/es\/wp-json\/wp\/v2\/media\/13717"}],"wp:attachment":[{"href":"https:\/\/www.conferento.com\/es\/wp-json\/wp\/v2\/media?parent=13710"}],"wp:term":[{"taxonomy":"job_listing_category","embeddable":true,"href":"https:\/\/www.conferento.com\/es\/wp-json\/wp\/v2\/job-categories?post=13710"},{"taxonomy":"job_listing_type","embeddable":true,"href":"https:\/\/www.conferento.com\/es\/wp-json\/wp\/v2\/job-types?post=13710"},{"taxonomy":"job_listing_amenity","embeddable":true,"href":"https:\/\/www.conferento.com\/es\/wp-json\/wp\/v2\/job_listing_amenity?post=13710"},{"taxonomy":"job_listing_region","embeddable":true,"href":"https:\/\/www.conferento.com\/es\/wp-json\/wp\/v2\/job_listing_region?post=13710"}],"curies":[{"name":"wp","href":"https:\/\/api.w.org\/{rel}","templated":true}]}}

<h1>Alzola Coworking in Bilbao</h1>
<h1>Alzola Coworking in Bilbao</h1>
<p>Alzola Coworking ofrece espacios de trabajo en régimen de coworking y alquiler de oficinas privadas. También salas de reuniones y amplios espacios multiusos para eventos, conferencias o formación.</p>
<hr />
<h2>Sala de reuniones para 12 personas en el centro de Bilbao</h2>
<p><img loading="lazy" decoding="async" class="alignnone wp-image-8915 size-medium" src="https://conferento.com/wp-content/uploads/2018/07/alzola2-300x171.png" alt="" width="300" height="171" srcset="https://www.conferento.com/wp-content/uploads/2018/07/alzola2-300x171.png 300w, https://www.conferento.com/wp-content/uploads/2018/07/alzola2-24x14.png 24w, https://www.conferento.com/wp-content/uploads/2018/07/alzola2-36x21.png 36w, https://www.conferento.com/wp-content/uploads/2018/07/alzola2-48x27.png 48w, https://www.conferento.com/wp-content/uploads/2018/07/alzola2-600x343.png 600w, https://www.conferento.com/wp-content/uploads/2018/07/alzola2.png 700w" sizes="auto, (max-width: 300px) 100vw, 300px" /><img loading="lazy" decoding="async" class="alignnone size-medium wp-image-13717" src="https://conferento.com/wp-content/uploads/2018/02/bilbao-300x171.jpg" alt="" width="300" height="171" srcset="https://www.conferento.com/wp-content/uploads/2018/02/bilbao-300x171.jpg 300w, https://www.conferento.com/wp-content/uploads/2018/02/bilbao-24x14.jpg 24w, https://www.conferento.com/wp-content/uploads/2018/02/bilbao-36x21.jpg 36w, https://www.conferento.com/wp-content/uploads/2018/02/bilbao-48x27.jpg 48w, https://www.conferento.com/wp-content/uploads/2018/02/bilbao-600x343.jpg 600w, https://www.conferento.com/wp-content/uploads/2018/02/bilbao.jpg 700w" sizes="auto, (max-width: 300px) 100vw, 300px" /></p>
<p><strong>Su sala de reuniones en el centro de Bilbao</strong></p>
<p>Sala de reuniones totalmente equipada, abierta a residentes de Alzola Coworking, empresas y profesionales. El mejor servicio de alquiler de salas de reuniones en Bilbao.</p>
<h3><span style="color: #6e98e3;"><strong>Equipamiento y confort</strong></span></h3>
<p>Para equipos de trabajo, formación en pequeño formato, juntas de socios o entrevistas con clientes y proveedores.</p>
<p>Una sala de reuniones en el centro de Bilbao, con las mejores conexiones de transporte con el resto de la ciudad y el territorio.</p>
<p><strong>Aforo 12 personas</strong><br />
Espacios amplios con mesa 3,60×1,20m. Mobiliario moderno, elegante y acogedor con sillas simil piel.</p>
<p><strong>Equipamiento de proyección</strong><br />
Pantalla incluida, proyector bajo demanda.</p>
<p><strong>Videoconferencia</strong><br />
Las conexiones a Internet con cable 300MB, permite su uso para sala de videoconferencias.</p>
<hr />
<p style="text-align: center;"><a class="btn btn-theme btn-submit radius-3x" href="https://www.alzolacoworking.com/servicios/alquiler-de-oficinas-en-bilbao/" target="_blank" rel="noopener">Más información</a></p>
<hr />
<h2>Contacto</h2>
<p><img loading="lazy" decoding="async" class="alignnone size-full wp-image-8945" src="https://conferento.com/wp-content/uploads/2018/07/alzola-logo.png" alt="" width="202" height="97" srcset="https://www.conferento.com/wp-content/uploads/2018/07/alzola-logo.png 202w, https://www.conferento.com/wp-content/uploads/2018/07/alzola-logo-24x12.png 24w, https://www.conferento.com/wp-content/uploads/2018/07/alzola-logo-36x17.png 36w, https://www.conferento.com/wp-content/uploads/2018/07/alzola-logo-48x23.png 48w" sizes="auto, (max-width: 202px) 100vw, 202px" /></p>
<p><span style="font-weight: bold;">Alzola Coworking</span><br />
Pablo Alzola, 2 · 3º Izda.<br />
48012 BILBAO<br />
Teléfono 946 854 652<br />
info@alzolacoworking.com<br />
www.alzolacoworking.com</p>
<hr />
<div style="font-size: 10px;">
<p>Todas las imágenes © Alzola Coworking</p>
</div>

48012 BILBAO • Pablo Alzola, 2 · 3º Izda.
