{"id":10224,"date":"2017-02-02T15:51:54","date_gmt":"2017-02-02T15:51:54","guid":{"rendered":"https:\/\/conferento.com\/listings\/calle-campezo-3-madrid-espana-sala-de-reuniones-funcional-y-barata-cerca-del-aeropuerto-madrid-barajas"},"modified":"2019-11-04T07:42:20","modified_gmt":"2019-11-04T07:42:20","slug":"calle-campezo-3-madrid-espana-sala-de-reuniones-funcional-y-barata-cerca-del-aeropuerto-madrid-barajas","status":"publish","type":"job_listing","link":"https:\/\/www.conferento.com\/es\/listings\/calle-campezo-3-madrid-espana-sala-de-reuniones-funcional-y-barata-cerca-del-aeropuerto-madrid-barajas\/","title":{"rendered":"Sala de Reuniones Barata cerca del aeropuerto Madrid-Barajas"},"content":{"rendered":"<h1>Sala de reuniones en Madrid<\/h1>\n<h3>Para realizar entrevistas , as\u00ed como sala de formaci\u00f3n para talleres\/cursos con sus equipos de trabajo, todo disponible por horas o por d\u00edas.<\/h3>\n<hr \/>\n<p>Ponemos a tu disposici\u00f3n espacios para que tus reuniones, formaci\u00f3n y eventos sean todo un \u00e9xito.\u00a0Nuestras salas est\u00e1n equipadas con todos los adelantos audiovisuales, sistemas de proyecci\u00f3n, pantalla plana de grandes dimensiones y conexi\u00f3n a internet con fibra \u00f3ptica de 600MB sim\u00e9tricos.\u00a0 El acceso a nuestro centro de negocios es 24\/7.<\/p>\n<p>&nbsp;<\/p>\n<p><strong>Para reservar contact\u00e1rnos a:<\/strong> hola@enclavemadrid.es\u00a0 o al telf: +34 910312229 (verificar disponibilidad). Aceptamos pago por transferencia o por PayPal.<\/p>\n<hr \/>\n<p style=\"text-align: center;\"><a class=\"btn btn-theme btn-submit radius-3x\" href=\"https:\/\/www.enclavemadrid.es\/sala-de-reuniones\/\" target=\"_blank\" rel=\"noopener\">M\u00e1s informaci\u00f3n<\/a><\/p>\n<hr \/>\n<h2>Contacto<\/h2>\n<p><img loading=\"lazy\" decoding=\"async\" class=\"alignnone size-full wp-image-11189\" src=\"https:\/\/conferento.com\/wp-content\/uploads\/2018\/08\/enclave-madrid-logo.jpg\" alt=\"\" width=\"150\" height=\"41\" srcset=\"https:\/\/www.conferento.com\/wp-content\/uploads\/2018\/08\/enclave-madrid-logo.jpg 150w, https:\/\/www.conferento.com\/wp-content\/uploads\/2018\/08\/enclave-madrid-logo-24x7.jpg 24w, https:\/\/www.conferento.com\/wp-content\/uploads\/2018\/08\/enclave-madrid-logo-36x10.jpg 36w, https:\/\/www.conferento.com\/wp-content\/uploads\/2018\/08\/enclave-madrid-logo-48x13.jpg 48w\" sizes=\"auto, (max-width: 150px) 100vw, 150px\" \/><\/p>\n<p><span style=\"font-weight: bold;\">Enclave de Madrid<\/span><br \/>\nCentro de Negocios<br \/>\nC\/Campezo 3<br \/>\n28022 Madrid<br \/>\nTel\u00e9fono: (+34) 910 312 229<br \/>\nhola@enclavemadrid.es<br \/>\nwww.enclavemadrid.es<\/p>\n<hr \/>\n<div style=\"font-size: 10px;\">\n<p>Todas las im\u00e1genes \u00a9 Enclave de Madrid<\/p>\n<\/div>\n","protected":false},"featured_media":22699,"comment_status":"closed","ping_status":"closed","template":"","meta":{"inline_featured_image":false,"_promoted":"","_job_location":"28022 Madrid \u2022 Calle Campezo, 3","_company_website":"http:\/\/www.enclavemadrid.es","_company_twitter":"https:\/\/twitter.com\/EnclaveMadridCN","_company_video":"","_filled":1,"_featured":1,"_remote_position":0,"_job_salary":"","_job_salary_currency":"","_job_salary_unit":""},"job-categories":[311,283,236,234,235],"job-types":[],"job_listing_amenity":[225,316,293,317,291,239,227,327,324,328],"job_listing_region":[201],"class_list":{"0":"post-10224","1":"job_listing","2":"type-job_listing","3":"status-publish","4":"has-post-thumbnail","5":"hentry","6":"job_listing_category-espacio-multifuncional","7":"job_listing_category-lugar-para-reunirse","8":"job_listing_category-sala-de-formacion","9":"job_listing_category-sala-de-reuniones","10":"job_listing_category-salas-para-entrevistas","11":"job_listing_amenity-24-horas-de-acceso","12":"job_listing_amenity-aire-acondicionado","13":"job_listing_amenity-cerca-del-aeropuerto","14":"job_listing_amenity-copiador","15":"job_listing_amenity-impresora-y-escaner","16":"job_listing_amenity-pizarra","17":"job_listing_amenity-por-dias","18":"job_listing_amenity-por-la-horas","19":"job_listing_amenity-recepcionistas","20":"job_listing_amenity-television","21":"job_listing_region-madrid-espana","23":"job_position_filled","24":"job_position_featured"},"_links":{"self":[{"href":"https:\/\/www.conferento.com\/es\/wp-json\/wp\/v2\/job-listings\/10224","targetHints":{"allow":["GET"]}}],"collection":[{"href":"https:\/\/www.conferento.com\/es\/wp-json\/wp\/v2\/job-listings"}],"about":[{"href":"https:\/\/www.conferento.com\/es\/wp-json\/wp\/v2\/types\/job_listing"}],"replies":[{"embeddable":true,"href":"https:\/\/www.conferento.com\/es\/wp-json\/wp\/v2\/comments?post=10224"}],"wp:featuredmedia":[{"embeddable":true,"href":"https:\/\/www.conferento.com\/es\/wp-json\/wp\/v2\/media\/22699"}],"wp:attachment":[{"href":"https:\/\/www.conferento.com\/es\/wp-json\/wp\/v2\/media?parent=10224"}],"wp:term":[{"taxonomy":"job_listing_category","embeddable":true,"href":"https:\/\/www.conferento.com\/es\/wp-json\/wp\/v2\/job-categories?post=10224"},{"taxonomy":"job_listing_type","embeddable":true,"href":"https:\/\/www.conferento.com\/es\/wp-json\/wp\/v2\/job-types?post=10224"},{"taxonomy":"job_listing_amenity","embeddable":true,"href":"https:\/\/www.conferento.com\/es\/wp-json\/wp\/v2\/job_listing_amenity?post=10224"},{"taxonomy":"job_listing_region","embeddable":true,"href":"https:\/\/www.conferento.com\/es\/wp-json\/wp\/v2\/job_listing_region?post=10224"}],"curies":[{"name":"wp","href":"https:\/\/api.w.org\/{rel}","templated":true}]}}

<h1>Sala de reuniones en Madrid</h1>
<h3>Para realizar entrevistas , así como sala de formación para talleres/cursos con sus equipos de trabajo, todo disponible por horas o por días.</h3>
<hr />
<p>Ponemos a tu disposición espacios para que tus reuniones, formación y eventos sean todo un éxito. Nuestras salas están equipadas con todos los adelantos audiovisuales, sistemas de proyección, pantalla plana de grandes dimensiones y conexión a internet con fibra óptica de 600MB simétricos.  El acceso a nuestro centro de negocios es 24/7.</p>
<p>&nbsp;</p>
<p><strong>Para reservar contactárnos a:</strong> hola@enclavemadrid.es  o al telf: +34 910312229 (verificar disponibilidad). Aceptamos pago por transferencia o por PayPal.</p>
<hr />
<p style="text-align: center;"><a class="btn btn-theme btn-submit radius-3x" href="https://www.enclavemadrid.es/sala-de-reuniones/" target="_blank" rel="noopener">Más información</a></p>
<hr />
<h2>Contacto</h2>
<p><img loading="lazy" decoding="async" class="alignnone size-full wp-image-11189" src="https://conferento.com/wp-content/uploads/2018/08/enclave-madrid-logo.jpg" alt="" width="150" height="41" srcset="https://www.conferento.com/wp-content/uploads/2018/08/enclave-madrid-logo.jpg 150w, https://www.conferento.com/wp-content/uploads/2018/08/enclave-madrid-logo-24x7.jpg 24w, https://www.conferento.com/wp-content/uploads/2018/08/enclave-madrid-logo-36x10.jpg 36w, https://www.conferento.com/wp-content/uploads/2018/08/enclave-madrid-logo-48x13.jpg 48w" sizes="auto, (max-width: 150px) 100vw, 150px" /></p>
<p><span style="font-weight: bold;">Enclave de Madrid</span><br />
Centro de Negocios<br />
C/Campezo 3<br />
28022 Madrid<br />
Teléfono: (+34) 910 312 229<br />
hola@enclavemadrid.es<br />
www.enclavemadrid.es</p>
<hr />
<div style="font-size: 10px;">
<p>Todas las imágenes © Enclave de Madrid</p>
</div>
