{"id":13910,"date":"2018-04-23T07:54:40","date_gmt":"2018-04-23T07:54:40","guid":{"rendered":"https:\/\/conferento.com\/listings\/coworking-in-gemeinschaftsraum-in-budapest-mit-tagespass"},"modified":"2018-08-23T08:07:29","modified_gmt":"2018-08-23T08:07:29","slug":"coworking-space-in-the-heart-of-budapest-with-day-pass","status":"publish","type":"job_listing","link":"https:\/\/www.conferento.com\/en\/listing-en\/coworking-space-in-the-heart-of-budapest-with-day-pass\/","title":{"rendered":"Coworking Space in the heart of Budapest with day pass"},"content":{"rendered":"<h1>MUSE &#8211; coworking office, meeting room, event space<\/h1>\n<p>Need a coworking space in Budapest? Find the best Place to work in Budapest with muse, the community where you belong.\u00a0Discover Budapest&#8217;s friendliest co-working spaces. If you&#8217;re looking for flexible and affordable coworking community membership, muse is the right place. Get started at any time and with no admission fee or hidden fees for running costs.<\/p>\n<hr \/>\n<h2><span style=\"color: #6e98e3;\">Coworking in Budapest with Day pass<\/span><\/h2>\n<p><img loading=\"lazy\" decoding=\"async\" class=\"alignnone size-medium wp-image-13891\" src=\"https:\/\/conferento.com\/wp-content\/uploads\/2018\/08\/muse-coworking2-300x200.jpg\" alt=\"\" width=\"300\" height=\"200\" srcset=\"https:\/\/www.conferento.com\/wp-content\/uploads\/2018\/08\/muse-coworking2-300x200.jpg 300w, https:\/\/www.conferento.com\/wp-content\/uploads\/2018\/08\/muse-coworking2-24x16.jpg 24w, https:\/\/www.conferento.com\/wp-content\/uploads\/2018\/08\/muse-coworking2-36x24.jpg 36w, https:\/\/www.conferento.com\/wp-content\/uploads\/2018\/08\/muse-coworking2-48x32.jpg 48w, https:\/\/www.conferento.com\/wp-content\/uploads\/2018\/08\/muse-coworking2.jpg 600w\" sizes=\"auto, (max-width: 300px) 100vw, 300px\" \/><img loading=\"lazy\" decoding=\"async\" class=\"alignnone size-medium wp-image-13831\" src=\"https:\/\/conferento.com\/wp-content\/uploads\/2018\/08\/muse3-300x200.jpg\" alt=\"\" width=\"300\" height=\"200\" srcset=\"https:\/\/www.conferento.com\/wp-content\/uploads\/2018\/08\/muse3-300x200.jpg 300w, https:\/\/www.conferento.com\/wp-content\/uploads\/2018\/08\/muse3-24x16.jpg 24w, https:\/\/www.conferento.com\/wp-content\/uploads\/2018\/08\/muse3-36x24.jpg 36w, https:\/\/www.conferento.com\/wp-content\/uploads\/2018\/08\/muse3-48x32.jpg 48w, https:\/\/www.conferento.com\/wp-content\/uploads\/2018\/08\/muse3.jpg 600w\" sizes=\"auto, (max-width: 300px) 100vw, 300px\" \/><\/p>\n<h2>Gallery &#8211; Coworking Space<\/h2>\n<p><strong>Contemporary Coworkings Spaces for your project in Budapest: Rent a desk or workstation in a community office at muse.<\/strong><\/p>\n<p>We are proud of our office\u2019s 40m\u00b2 community space where you can free your fantasy or you could organize any workshops and trainings during the day.<\/p>\n<h2>Coworking Prices<\/h2>\n<h3><span style=\"color: #6e98e3;\">Day pass<\/span><\/h3>\n<div class=\"col_6 column\">\n<div class=\"inner\">\n<div id=\"c3185\" class=\"csc-default\">\n<p>HUF 3.500<br \/>\non any workdays<br \/>\nfast internet<br \/>\nAccess: 9.00-17.30<\/p>\n<\/div>\n<\/div>\n<\/div>\n<hr \/>\n<p style=\"text-align: center;\"><a class=\"btn btn-theme btn-submit radius-3x\" href=\"http:\/\/musebudapest.com\/\" target=\"_blank\" rel=\"noopener\">More Informations<\/a><\/p>\n<hr \/>\n<h2>About muse<\/h2>\n<p>In the heart of Budapest, next to the V\u00edgszinhaz muse is located in a beautifully restored building, characterized by a truly inspirational and labor-intensive yet friendly and homely environment. The balcony and huge windows look onto the boulevard where you can see the V\u00edgszinhaz, the Margitsziget and the Nyugati Railway station, you can relax on the galllery on our beanbags or couch, recharge or meditate in front of our plant wall.<\/p>\n<p><strong>Key Facts:<\/strong><\/p>\n<ul>\n<li>Fast reliable WIFI<\/li>\n<li>Central location in Budapest<\/li>\n<li>Lounge \/ Chill-out Area<\/li>\n<li>Outdoor Terrace<\/li>\n<li>Personal Lockers<\/li>\n<li>Meetingroom<\/li>\n<li>Kitchen<\/li>\n<\/ul>\n<hr \/>\n<h2>Contact<\/h2>\n<p><img loading=\"lazy\" decoding=\"async\" class=\"alignnone size-full wp-image-13813\" src=\"https:\/\/conferento.com\/wp-content\/uploads\/2018\/08\/muse-logo.jpg\" alt=\"\" width=\"83\" height=\"33\" srcset=\"https:\/\/www.conferento.com\/wp-content\/uploads\/2018\/08\/muse-logo.jpg 83w, https:\/\/www.conferento.com\/wp-content\/uploads\/2018\/08\/muse-logo-24x10.jpg 24w, https:\/\/www.conferento.com\/wp-content\/uploads\/2018\/08\/muse-logo-36x14.jpg 36w, https:\/\/www.conferento.com\/wp-content\/uploads\/2018\/08\/muse-logo-48x19.jpg 48w\" sizes=\"auto, (max-width: 83px) 100vw, 83px\" \/><br \/>\n<strong>Muse<\/strong><br \/>\nSzent Istv\u00e1n k\u00f6r\u00fat 15. 3.\/1.<br \/>\n1055 Budapest<br \/>\nUngarn<br \/>\n+36 (30) 896 1243<br \/>\ninfo@musebudapest.com<br \/>\nwww.musebudapest.com<\/p>\n<hr \/>\n<div style=\"font-size: 10px;\">\n<p>All pictures \u00a9 Muse &#8211;\u00a0Daniel Mekis<\/p>\n<\/div>\n","protected":false},"featured_media":13880,"comment_status":"open","ping_status":"closed","template":"","meta":{"inline_featured_image":false,"_promoted":"","_job_location":"1055 Budapest \u2022 Szent Istv\u00e1n k\u00f6r\u00fat 15. 3.\/1.","_company_website":"http:\/\/musebudapest.com","_company_twitter":"","_company_video":"","_filled":0,"_featured":1,"_remote_position":0,"_job_salary":"","_job_salary_currency":"","_job_salary_unit":""},"job-categories":[256],"job-types":[],"job_listing_amenity":[260,259,262,367,269,371,366,257,261],"job_listing_region":[572,570],"class_list":{"0":"post-13910","1":"job_listing","2":"type-job_listing","3":"status-publish","4":"has-post-thumbnail","5":"hentry","6":"job_listing_category-coworking-space-en","7":"job_listing_amenity-a-daily-basis","8":"job_listing_amenity-immediately-available","9":"job_listing_amenity-central-location","10":"job_listing_amenity-ergonomic-chair","11":"job_listing_amenity-flipchart-en","12":"job_listing_amenity-kitchen","13":"job_listing_amenity-printer-scanner","14":"job_listing_amenity-public-transport","15":"job_listing_amenity-wireless-internet-en","16":"job_listing_region-budapest-hungary","17":"job_listing_region-hungary","19":"job_position_featured"},"_links":{"self":[{"href":"https:\/\/www.conferento.com\/en\/wp-json\/wp\/v2\/job-listings\/13910","targetHints":{"allow":["GET"]}}],"collection":[{"href":"https:\/\/www.conferento.com\/en\/wp-json\/wp\/v2\/job-listings"}],"about":[{"href":"https:\/\/www.conferento.com\/en\/wp-json\/wp\/v2\/types\/job_listing"}],"replies":[{"embeddable":true,"href":"https:\/\/www.conferento.com\/en\/wp-json\/wp\/v2\/comments?post=13910"}],"wp:featuredmedia":[{"embeddable":true,"href":"https:\/\/www.conferento.com\/en\/wp-json\/wp\/v2\/media\/13880"}],"wp:attachment":[{"href":"https:\/\/www.conferento.com\/en\/wp-json\/wp\/v2\/media?parent=13910"}],"wp:term":[{"taxonomy":"job_listing_category","embeddable":true,"href":"https:\/\/www.conferento.com\/en\/wp-json\/wp\/v2\/job-categories?post=13910"},{"taxonomy":"job_listing_type","embeddable":true,"href":"https:\/\/www.conferento.com\/en\/wp-json\/wp\/v2\/job-types?post=13910"},{"taxonomy":"job_listing_amenity","embeddable":true,"href":"https:\/\/www.conferento.com\/en\/wp-json\/wp\/v2\/job_listing_amenity?post=13910"},{"taxonomy":"job_listing_region","embeddable":true,"href":"https:\/\/www.conferento.com\/en\/wp-json\/wp\/v2\/job_listing_region?post=13910"}],"curies":[{"name":"wp","href":"https:\/\/api.w.org\/{rel}","templated":true}]}}

<h1>MUSE &#8211; coworking office, meeting room, event space</h1>
<p>Need a coworking space in Budapest? Find the best Place to work in Budapest with muse, the community where you belong. Discover Budapest&#8217;s friendliest co-working spaces. If you&#8217;re looking for flexible and affordable coworking community membership, muse is the right place. Get started at any time and with no admission fee or hidden fees for running costs.</p>
<hr />
<h2><span style="color: #6e98e3;">Coworking in Budapest with Day pass</span></h2>
<p><img loading="lazy" decoding="async" class="alignnone size-medium wp-image-13891" src="https://conferento.com/wp-content/uploads/2018/08/muse-coworking2-300x200.jpg" alt="" width="300" height="200" srcset="https://www.conferento.com/wp-content/uploads/2018/08/muse-coworking2-300x200.jpg 300w, https://www.conferento.com/wp-content/uploads/2018/08/muse-coworking2-24x16.jpg 24w, https://www.conferento.com/wp-content/uploads/2018/08/muse-coworking2-36x24.jpg 36w, https://www.conferento.com/wp-content/uploads/2018/08/muse-coworking2-48x32.jpg 48w, https://www.conferento.com/wp-content/uploads/2018/08/muse-coworking2.jpg 600w" sizes="auto, (max-width: 300px) 100vw, 300px" /><img loading="lazy" decoding="async" class="alignnone size-medium wp-image-13831" src="https://conferento.com/wp-content/uploads/2018/08/muse3-300x200.jpg" alt="" width="300" height="200" srcset="https://www.conferento.com/wp-content/uploads/2018/08/muse3-300x200.jpg 300w, https://www.conferento.com/wp-content/uploads/2018/08/muse3-24x16.jpg 24w, https://www.conferento.com/wp-content/uploads/2018/08/muse3-36x24.jpg 36w, https://www.conferento.com/wp-content/uploads/2018/08/muse3-48x32.jpg 48w, https://www.conferento.com/wp-content/uploads/2018/08/muse3.jpg 600w" sizes="auto, (max-width: 300px) 100vw, 300px" /></p>
<h2>Gallery &#8211; Coworking Space</h2>
<p><strong>Contemporary Coworkings Spaces for your project in Budapest: Rent a desk or workstation in a community office at muse.</strong></p>
<p>We are proud of our office’s 40m² community space where you can free your fantasy or you could organize any workshops and trainings during the day.</p>
<h2>Coworking Prices</h2>
<h3><span style="color: #6e98e3;">Day pass</span></h3>
<div class="col_6 column">
<div class="inner">
<div id="c3185" class="csc-default">
<p>HUF 3.500<br />
on any workdays<br />
fast internet<br />
Access: 9.00-17.30</p>
</div>
</div>
</div>
<hr />
<p style="text-align: center;"><a class="btn btn-theme btn-submit radius-3x" href="http://musebudapest.com/" target="_blank" rel="noopener">More Informations</a></p>
<hr />
<h2>About muse</h2>
<p>In the heart of Budapest, next to the Vígszinhaz muse is located in a beautifully restored building, characterized by a truly inspirational and labor-intensive yet friendly and homely environment. The balcony and huge windows look onto the boulevard where you can see the Vígszinhaz, the Margitsziget and the Nyugati Railway station, you can relax on the galllery on our beanbags or couch, recharge or meditate in front of our plant wall.</p>
<p><strong>Key Facts:</strong></p>
<ul>
<li>Fast reliable WIFI</li>
<li>Central location in Budapest</li>
<li>Lounge / Chill-out Area</li>
<li>Outdoor Terrace</li>
<li>Personal Lockers</li>
<li>Meetingroom</li>
<li>Kitchen</li>
</ul>
<hr />
<h2>Contact</h2>
<p><img loading="lazy" decoding="async" class="alignnone size-full wp-image-13813" src="https://conferento.com/wp-content/uploads/2018/08/muse-logo.jpg" alt="" width="83" height="33" srcset="https://www.conferento.com/wp-content/uploads/2018/08/muse-logo.jpg 83w, https://www.conferento.com/wp-content/uploads/2018/08/muse-logo-24x10.jpg 24w, https://www.conferento.com/wp-content/uploads/2018/08/muse-logo-36x14.jpg 36w, https://www.conferento.com/wp-content/uploads/2018/08/muse-logo-48x19.jpg 48w" sizes="auto, (max-width: 83px) 100vw, 83px" /><br />
<strong>Muse</strong><br />
Szent István körút 15. 3./1.<br />
1055 Budapest<br />
Ungarn<br />
+36 (30) 896 1243<br />
info@musebudapest.com<br />
www.musebudapest.com</p>
<hr />
<div style="font-size: 10px;">
<p>All pictures © Muse &#8211; Daniel Mekis</p>
</div>

1055 Budapest • Szent István körút 15. 3./1.
